
INSERT INTO `cognitive_functions` (`id`, `title`, `created_at`, `updated_at`) VALUES
(1, 'praxie-praxie idéomotrice : gestes sans signification', NULL, NULL),
(2, 'Gnosie-Gnosies visuelles', NULL, NULL),
(3, 'Expression-Désignation indicée', NULL, NULL),
(4, 'Dénomination indicée', NULL, NULL),
(5, 'abstraction/conceptualisation-Compréhension de consigne', NULL, NULL),
(6, 'Notion de repérage dans l’espace (topologie)', NULL, NULL),
(7, 'Infralogique-Notion de repérage dans l’espace (localisation)', NULL, NULL),
(8, 'Notion de mesure et de repérage dans l’espace', NULL, NULL),
(9, 'Mémoire immédiate-Empan auditif', NULL, NULL),
(10, 'Attention sélective auditive', NULL, NULL),
(11, 'Organisation (manipulation mentale) : structuration catégorisation', NULL, NULL),
(12, 'Mémoire immédiate-Empan visuel', NULL, NULL),
(13, 'Attention sélective visuelle', NULL, NULL),
(14, 'Inhibition (auditive)', NULL, NULL),
(15, 'Attention sélective-épreuve de barrage', NULL, NULL),
(16, 'Mémoire épisodique Encodage', NULL, NULL),
(17, 'Mémoire épisodique immédiate', NULL, NULL),
(18, 'mémoire épisodique récupération (reconnaissance)', NULL, NULL),
(19, 'Attention partagée (double tâche) (auditive)', NULL, NULL),
(20, 'Flexibilité', NULL, NULL),
(21, 'Attention partagée (double tâche) (VISUELLE)', NULL, NULL),
(22, 'Mémoire de travail - Image mentale', NULL, NULL),
(23, 'Mémoire à long terme Rappel libre', NULL, NULL),
(24, 'Mémoire à long terme Rappel indicé', NULL, NULL),
(25, 'Mémoire de travail', NULL, NULL),
(26, 'Infralogique-Notion de mesure de temps', NULL, NULL),
(27, 'Infralogique-Notion de mesure espace', NULL, NULL),
(28, 'Infralogique-Calcul de mesure de temps', NULL, NULL),
(29, 'Compréhension écrite', NULL, NULL),
(30, 'Organisation (manipulation mentale) : Programmation', NULL, NULL),
(31, 'Organisation (manipulation mentale) : Structuration spaciale', NULL, NULL),
(32, 'Inhibition (visuelle)', NULL, NULL),
(33, 'Structuration – association', NULL, NULL),
(34, 'logico mathématique Structuration – sériation', NULL, NULL),
(35, 'logico mathématique Calcul', NULL, NULL),
(36, 'Raisonnement déductif', NULL, NULL),
(37, 'Raisonnement inductif', NULL, NULL),
(38, 'Raisonnement abductif', NULL, NULL),
(39, 'Expression-Stock lexical phonétique', NULL, NULL),
(40, 'Expression-syntaxe', NULL, NULL),
(41, 'Expression-sémantique', NULL, NULL),
(42, 'Organisation (manipulation mentale) : Planification', NULL, NULL);

--
-- Déchargement des données de la table `cognitive_function_game`
--

INSERT INTO `cognitive_function_game` (`id`, `game_id`, `cognitive_function_id`, `created_at`, `updated_at`) VALUES
(1, 50, 30, NULL, NULL),
(2, 50, 5, NULL, NULL),
(3, 50, 22, NULL, NULL),
(4, 50, 39, NULL, NULL),
(5, 50, 40, NULL, NULL),
(6, 50, 25, NULL, NULL),
(7, 59, 5, NULL, NULL),
(8, 59, 16, NULL, NULL),
(9, 59, 17, NULL, NULL),
(10, 59, 22, NULL, NULL),
(11, 59, 25, NULL, NULL),
(12, 43, 5, NULL, NULL),
(13, 43, 30, NULL, NULL),
(14, 43, 31, NULL, NULL),
(15, 43, 37, NULL, NULL),
(16, 45, 9, NULL, NULL),
(17, 45, 10, NULL, NULL),
(18, 46, 22, NULL, NULL),
(19, 46, 25, NULL, NULL),
(20, 46, 9, NULL, NULL),
(21, 46, 10, NULL, NULL),
(22, 55, 13, NULL, NULL),
(23, 55, 16, NULL, NULL),
(24, 55, 17, NULL, NULL),
(25, 56, 13, NULL, NULL),
(26, 56, 16, NULL, NULL),
(27, 56, 17, NULL, NULL),
(28, 57, 13, NULL, NULL),
(29, 57, 32, NULL, NULL),
(30, 57, 5, NULL, NULL),
(31, 57, 2, NULL, NULL),
(32, 57, 3, NULL, NULL),
(33, 57, 37, NULL, NULL),
(34, 57, 38, NULL, NULL),
(35, 51, 5, NULL, NULL),
(36, 51, 39, NULL, NULL),
(37, 51, 40, NULL, NULL),
(38, 52, 5, NULL, NULL),
(39, 52, 30, NULL, NULL),
(40, 52, 22, NULL, NULL),
(41, 52, 40, NULL, NULL),
(42, 52, 25, NULL, NULL),
(43, 52, 39, NULL, NULL),
(44, 52, 20, NULL, NULL),
(45, 61, 6, NULL, NULL),
(46, 61, 8, NULL, NULL),
(47, 61, 5, NULL, NULL),
(48, 61, 13, NULL, NULL),
(49, 61, 22, NULL, NULL),
(50, 61, 36, NULL, NULL),
(51, 53, 39, NULL, NULL),
(52, 53, 40, NULL, NULL),
(53, 53, 5, NULL, NULL),
(54, 60, 25, NULL, NULL),
(55, 60, 39, NULL, NULL),
(56, 60, 40, NULL, NULL),
(57, 60, 41, NULL, NULL),
(58, 60, 33, NULL, NULL),
(59, 47, 13, NULL, NULL),
(60, 47, 25, NULL, NULL),
(61, 47, 35, NULL, NULL),
(62, 48, 5, NULL, NULL),
(63, 48, 35, NULL, NULL),
(64, 49, 10, NULL, NULL),
(65, 49, 25, NULL, NULL),
(66, 49, 35, NULL, NULL),
(67, 44, 13, NULL, NULL),
(68, 44, 32, NULL, NULL),
(69, 44, 2, NULL, NULL),
(70, 44, 3, NULL, NULL),
(71, 54, 10, NULL, NULL),
(72, 54, 25, NULL, NULL),
(73, 54, 35, NULL, NULL),
(74, 58, 6, NULL, NULL),
(75, 58, 8, NULL, NULL),
(76, 58, 5, NULL, NULL),
(77, 58, 13, NULL, NULL),
(78, 58, 22, NULL, NULL),
(79, 58, 31, NULL, NULL);

--
-- Déchargement des données de la table `consents`
--

INSERT INTO `consents` (`id`, `title`, `slug`, `created_at`, `updated_at`) VALUES
(1, 'Partenaires commerciaux', 'perso', NULL, '2021-06-14 12:15:21'),
(2, 'Etude CNRS', 'cnrs', NULL, '2021-06-14 12:15:21'),
(3, 'Newsletter', 'newsletter', NULL, '2021-06-14 12:15:21');

--
-- Déchargement des données de la table `departements`
--

INSERT INTO `departements` (`id`, `number`, `name`, `slug`, `soundex`) VALUES
(1, '01', 'Ain', 'ain', 'A500'),
(2, '02', 'Aisne', 'aisne', 'A250'),
(3, '03', 'Allier', 'allier', 'A460'),
(4, '04', 'Alpes-de-Haute-Provence', 'alpes-de-haute-provence', 'A412316152'),
(5, '05', 'Hautes-Alpes', 'hautes-alpes', 'H32412'),
(6, '06', 'Alpes-Maritimes', 'alpes-maritimes', 'A41256352'),
(7, '07', 'Ardèche', 'ardeche', 'A632'),
(8, '08', 'Ardennes', 'ardennes', 'A6352'),
(9, '09', 'Ariège', 'ariege', 'A620'),
(10, '10', 'Aube', 'aube', 'A100'),
(11, '11', 'Aude', 'aude', 'A300'),
(12, '12', 'Aveyron', 'aveyron', 'A165'),
(13, '13', 'Bouches-du-Rhône', 'bouches-du-rhone', 'B2365'),
(14, '14', 'Calvados', 'calvados', 'C4132'),
(15, '15', 'Cantal', 'cantal', 'C534'),
(16, '16', 'Charente', 'charente', 'C653'),
(17, '17', 'Charente-Maritime', 'charente-maritime', 'C6535635'),
(18, '18', 'Cher', 'cher', 'C600'),
(19, '19', 'Corrèze', 'correze', 'C620'),
(20, '21', 'Côte-d\'or', 'cote-dor', 'C360'),
(21, '22', 'Côtes-d\'armor', 'cotes-darmor', 'C323656'),
(22, '23', 'Creuse', 'creuse', 'C620'),
(23, '24', 'Dordogne', 'dordogne', 'D6325'),
(24, '25', 'Doubs', 'doubs', 'D120'),
(25, '26', 'Drôme', 'drome', 'D650'),
(26, '27', 'Eure', 'eure', 'E600'),
(27, '28', 'Eure-et-Loir', 'eure-et-loir', 'E6346'),
(28, '29', 'Finistère', 'finistere', 'F5236'),
(29, '2a', 'Corse-du-sud', 'corse-du-sud', 'C62323'),
(30, '2b', 'Haute-corse', 'haute-corse', 'H3262'),
(31, '30', 'Gard', 'gard', 'G630'),
(32, '31', 'Haute-Garonne', 'haute-garonne', 'H3265'),
(33, '32', 'Gers', 'gers', 'G620'),
(34, '33', 'Gironde', 'gironde', 'G653'),
(35, '34', 'Hérault', 'herault', 'H643'),
(36, '35', 'Ile-et-Vilaine', 'ile-et-vilaine', 'I43145'),
(37, '36', 'Indre', 'indre', 'I536'),
(38, '37', 'Indre-et-Loire', 'indre-et-loire', 'I536346'),
(39, '38', 'Isère', 'isere', 'I260'),
(40, '39', 'Jura', 'jura', 'J600'),
(41, '40', 'Landes', 'landes', 'L532'),
(42, '41', 'Loir-et-Cher', 'loir-et-cher', 'L6326'),
(43, '42', 'Loire', 'loire', 'L600'),
(44, '43', 'Haute-Loire', 'haute-loire', 'H346'),
(45, '44', 'Loire-Atlantique', 'loire-atlantique', 'L634532'),
(46, '45', 'Loiret', 'loiret', 'L630'),
(47, '46', 'Lot', 'lot', 'L300'),
(48, '47', 'Lot-et-Garonne', 'lot-et-garonne', 'L3265'),
(49, '48', 'Lozère', 'lozere', 'L260'),
(50, '49', 'Maine-et-Loire', 'maine-et-loire', 'M346'),
(51, '50', 'Manche', 'manche', 'M200'),
(52, '51', 'Marne', 'marne', 'M650'),
(53, '52', 'Haute-Marne', 'haute-marne', 'H3565'),
(54, '53', 'Mayenne', 'mayenne', 'M000'),
(55, '54', 'Meurthe-et-Moselle', 'meurthe-et-moselle', 'M63524'),
(56, '55', 'Meuse', 'meuse', 'M200'),
(57, '56', 'Morbihan', 'morbihan', 'M615'),
(58, '57', 'Moselle', 'moselle', 'M240'),
(59, '58', 'Nièvre', 'nievre', 'N160'),
(60, '59', 'Nord', 'nord', 'N630'),
(61, '60', 'Oise', 'oise', 'O200'),
(62, '61', 'Orne', 'orne', 'O650'),
(63, '62', 'Pas-de-Calais', 'pas-de-calais', 'P23242'),
(64, '63', 'Puy-de-Dôme', 'puy-de-dome', 'P350'),
(65, '64', 'Pyrénées-Atlantiques', 'pyrenees-atlantiques', 'P65234532'),
(66, '65', 'Hautes-Pyrénées', 'hautes-pyrenees', 'H321652'),
(67, '66', 'Pyrénées-Orientales', 'pyrenees-orientales', 'P65265342'),
(68, '67', 'Bas-Rhin', 'bas-rhin', 'B265'),
(69, '68', 'Haut-Rhin', 'haut-rhin', 'H365'),
(70, '69', 'Rhône', 'rhone', 'R500'),
(71, '70', 'Haute-Saône', 'haute-saone', 'H325'),
(72, '71', 'Saône-et-Loire', 'saone-et-loire', 'S5346'),
(73, '72', 'Sarthe', 'sarthe', 'S630'),
(74, '73', 'Savoie', 'savoie', 'S100'),
(75, '74', 'Haute-Savoie', 'haute-savoie', 'H321'),
(76, '75', 'Paris', 'paris', 'P620'),
(77, '76', 'Seine-Maritime', 'seine-maritime', 'S5635'),
(78, '77', 'Seine-et-Marne', 'seine-et-marne', 'S53565'),
(79, '78', 'Yvelines', 'yvelines', 'Y1452'),
(80, '79', 'Deux-Sèvres', 'deux-sevres', 'D2162'),
(81, '80', 'Somme', 'somme', 'S500'),
(82, '81', 'Tarn', 'tarn', 'T650'),
(83, '82', 'Tarn-et-Garonne', 'tarn-et-garonne', 'T653265'),
(84, '83', 'Var', 'var', 'V600'),
(85, '84', 'Vaucluse', 'vaucluse', 'V242'),
(86, '85', 'Vendée', 'vendee', 'V530'),
(87, '86', 'Vienne', 'vienne', 'V500'),
(88, '87', 'Haute-Vienne', 'haute-vienne', 'H315'),
(89, '88', 'Vosges', 'vosges', 'V200'),
(90, '89', 'Yonne', 'yonne', 'Y500'),
(91, '90', 'Territoire de Belfort', 'territoire-de-belfort', 'T636314163'),
(92, '91', 'Essonne', 'essonne', 'E250'),
(93, '92', 'Hauts-de-Seine', 'hauts-de-seine', 'H32325'),
(94, '93', 'Seine-Saint-Denis', 'seine-saint-denis', 'S525352'),
(95, '94', 'Val-de-Marne', 'val-de-marne', 'V43565'),
(96, '95', 'Val-d\'oise', 'val-doise', 'V432'),
(97, '971', 'Guadeloupe', 'guadeloupe', 'G341'),
(98, '972', 'Martinique', 'martinique', 'M6352'),
(99, '973', 'Guyane', 'guyane', 'G500'),
(100, '974', 'Réunion', 'reunion', 'R500'),
(101, '976', 'Mayotte', 'mayotte', 'M300');

--
-- Déchargement des données de la table `event_types`
--

INSERT INTO `event_types` (`id`, `title`, `slug`, `deleted_at`, `created_at`, `updated_at`) VALUES
(1, 'Début de session', 'session_start', NULL, NULL, NULL),
(2, 'Fin de session', 'session_end', NULL, NULL, NULL),
(3, 'Début du jeu', 'game_start', NULL, NULL, NULL),
(4, 'Fin du jeu', 'game_end', NULL, NULL, NULL),
(5, 'Pause', 'pause_start', NULL, NULL, NULL),
(6, 'Fin de pause', 'pause_end', NULL, NULL, NULL),
(7, 'Réponse', 'answer', NULL, NULL, NULL),
(8, 'Question', 'question', NULL, NULL, NULL),
(9, 'Action', 'action', NULL, NULL, NULL),
(10, 'Sauter un jeu', 'skip', NULL, NULL, NULL),
(11, 'Internal', 'internal', NULL, NULL, NULL);

--
-- Déchargement des données de la table `feedbacks`
--

INSERT INTO `feedbacks` (`id`, `order`, `description`, `feedbackable_id`, `feedbackable_type`, `created_at`, `updated_at`, `deleted_at`, `title`) VALUES
(1, 1, NULL, 1, 'Simplon\\Exostim\\Models\\Theme', '2021-06-14 12:15:21', '2021-06-14 12:15:21', NULL, NULL),
(2, 2, NULL, 1, 'Simplon\\Exostim\\Models\\Theme', '2021-06-14 12:15:21', '2021-06-14 12:15:21', NULL, NULL),
(3, 3, NULL, 1, 'Simplon\\Exostim\\Models\\Theme', '2021-06-14 12:15:21', '2021-06-14 12:15:21', NULL, NULL),
(4, 4, NULL, 1, 'Simplon\\Exostim\\Models\\Theme', '2021-06-14 12:15:21', '2021-06-14 12:15:21', NULL, NULL),
(5, 5, NULL, 1, 'Simplon\\Exostim\\Models\\Theme', '2021-06-14 12:15:21', '2021-06-14 12:15:21', NULL, NULL),
(6, 1, NULL, 2, 'Simplon\\Exostim\\Models\\Theme', '2021-06-14 12:15:21', '2021-06-14 12:15:21', NULL, NULL),
(7, 2, NULL, 2, 'Simplon\\Exostim\\Models\\Theme', '2021-06-14 12:15:21', '2021-06-14 12:15:21', NULL, NULL),
(8, 3, NULL, 2, 'Simplon\\Exostim\\Models\\Theme', '2021-06-14 12:15:21', '2021-06-14 12:15:21', NULL, NULL),
(9, 4, NULL, 2, 'Simplon\\Exostim\\Models\\Theme', '2021-06-14 12:15:21', '2021-06-14 12:15:21', NULL, NULL),
(10, 5, NULL, 2, 'Simplon\\Exostim\\Models\\Theme', '2021-06-14 12:15:21', '2021-06-14 12:15:21', NULL, NULL),
(11, 1, NULL, 3, 'Simplon\\Exostim\\Models\\Theme', '2021-06-14 12:15:21', '2021-06-14 12:15:21', NULL, NULL),
(12, 2, NULL, 3, 'Simplon\\Exostim\\Models\\Theme', '2021-06-14 12:15:21', '2021-06-14 12:15:21', NULL, NULL),
(13, 3, NULL, 3, 'Simplon\\Exostim\\Models\\Theme', '2021-06-14 12:15:21', '2021-06-14 12:15:21', NULL, NULL),
(14, 4, NULL, 3, 'Simplon\\Exostim\\Models\\Theme', '2021-06-14 12:15:21', '2021-06-14 12:15:21', NULL, NULL),
(15, 5, NULL, 3, 'Simplon\\Exostim\\Models\\Theme', '2021-06-14 12:15:21', '2021-06-14 12:15:21', NULL, NULL),
(16, 1, NULL, 4, 'Simplon\\Exostim\\Models\\Theme', '2021-06-14 12:15:21', '2021-06-14 12:15:21', NULL, NULL),
(17, 2, NULL, 4, 'Simplon\\Exostim\\Models\\Theme', '2021-06-14 12:15:21', '2021-06-14 12:15:21', NULL, NULL),
(18, 3, NULL, 4, 'Simplon\\Exostim\\Models\\Theme', '2021-06-14 12:15:21', '2021-06-14 12:15:21', NULL, NULL),
(19, 4, NULL, 4, 'Simplon\\Exostim\\Models\\Theme', '2021-06-14 12:15:21', '2021-06-14 12:15:21', NULL, NULL),
(20, 5, NULL, 4, 'Simplon\\Exostim\\Models\\Theme', '2021-06-14 12:15:21', '2021-06-14 12:15:21', NULL, NULL),
(21, 1, NULL, 5, 'Simplon\\Exostim\\Models\\Theme', '2021-06-14 12:15:21', '2021-06-14 12:15:21', NULL, NULL),
(22, 2, NULL, 5, 'Simplon\\Exostim\\Models\\Theme', '2021-06-14 12:15:21', '2021-06-14 12:15:21', NULL, NULL),
(23, 3, NULL, 5, 'Simplon\\Exostim\\Models\\Theme', '2021-06-14 12:15:21', '2021-06-14 12:15:21', NULL, NULL),
(24, 4, NULL, 5, 'Simplon\\Exostim\\Models\\Theme', '2021-06-14 12:15:21', '2021-06-14 12:15:21', NULL, NULL),
(25, 5, NULL, 5, 'Simplon\\Exostim\\Models\\Theme', '2021-06-14 12:15:21', '2021-06-14 12:15:21', NULL, NULL),
(26, 1, NULL, 1, 'Simplon\\Exostim\\Models\\CognitiveFunction', '2021-06-14 12:15:21', '2021-06-14 12:15:21', NULL, NULL),
(27, 2, NULL, 1, 'Simplon\\Exostim\\Models\\CognitiveFunction', '2021-06-14 12:15:21', '2021-06-14 12:15:21', NULL, NULL),
(28, 3, NULL, 1, 'Simplon\\Exostim\\Models\\CognitiveFunction', '2021-06-14 12:15:21', '2021-06-14 12:15:21', NULL, NULL),
(29, 4, NULL, 1, 'Simplon\\Exostim\\Models\\CognitiveFunction', '2021-06-14 12:15:21', '2021-06-14 12:15:21', NULL, NULL),
(30, 5, NULL, 1, 'Simplon\\Exostim\\Models\\CognitiveFunction', '2021-06-14 12:15:21', '2021-06-14 12:15:21', NULL, NULL),
(31, 1, NULL, 2, 'Simplon\\Exostim\\Models\\CognitiveFunction', '2021-06-14 12:15:21', '2021-06-14 12:15:21', NULL, NULL),
(32, 2, NULL, 2, 'Simplon\\Exostim\\Models\\CognitiveFunction', '2021-06-14 12:15:21', '2021-06-14 12:15:21', NULL, NULL),
(33, 3, NULL, 2, 'Simplon\\Exostim\\Models\\CognitiveFunction', '2021-06-14 12:15:21', '2021-06-14 12:15:21', NULL, NULL),
(34, 4, NULL, 2, 'Simplon\\Exostim\\Models\\CognitiveFunction', '2021-06-14 12:15:21', '2021-06-14 12:15:21', NULL, NULL),
(35, 5, NULL, 2, 'Simplon\\Exostim\\Models\\CognitiveFunction', '2021-06-14 12:15:21', '2021-06-14 12:15:21', NULL, NULL),
(36, 1, NULL, 3, 'Simplon\\Exostim\\Models\\CognitiveFunction', '2021-06-14 12:15:21', '2021-06-14 12:15:21', NULL, NULL),
(37, 2, NULL, 3, 'Simplon\\Exostim\\Models\\CognitiveFunction', '2021-06-14 12:15:21', '2021-06-14 12:15:21', NULL, NULL),
(38, 3, NULL, 3, 'Simplon\\Exostim\\Models\\CognitiveFunction', '2021-06-14 12:15:21', '2021-06-14 12:15:21', NULL, NULL),
(39, 4, NULL, 3, 'Simplon\\Exostim\\Models\\CognitiveFunction', '2021-06-14 12:15:21', '2021-06-14 12:15:21', NULL, NULL),
(40, 5, NULL, 3, 'Simplon\\Exostim\\Models\\CognitiveFunction', '2021-06-14 12:15:21', '2021-06-14 12:15:21', NULL, NULL),
(41, 1, NULL, 4, 'Simplon\\Exostim\\Models\\CognitiveFunction', '2021-06-14 12:15:21', '2021-06-14 12:15:21', NULL, NULL),
(42, 2, NULL, 4, 'Simplon\\Exostim\\Models\\CognitiveFunction', '2021-06-14 12:15:21', '2021-06-14 12:15:21', NULL, NULL),
(43, 3, NULL, 4, 'Simplon\\Exostim\\Models\\CognitiveFunction', '2021-06-14 12:15:21', '2021-06-14 12:15:21', NULL, NULL),
(44, 4, NULL, 4, 'Simplon\\Exostim\\Models\\CognitiveFunction', '2021-06-14 12:15:21', '2021-06-14 12:15:21', NULL, NULL),
(45, 5, NULL, 4, 'Simplon\\Exostim\\Models\\CognitiveFunction', '2021-06-14 12:15:21', '2021-06-14 12:15:21', NULL, NULL),
(46, 1, NULL, 5, 'Simplon\\Exostim\\Models\\CognitiveFunction', '2021-06-14 12:15:21', '2021-06-14 12:15:21', NULL, NULL),
(47, 2, NULL, 5, 'Simplon\\Exostim\\Models\\CognitiveFunction', '2021-06-14 12:15:21', '2021-06-14 12:15:21', NULL, NULL),
(48, 3, NULL, 5, 'Simplon\\Exostim\\Models\\CognitiveFunction', '2021-06-14 12:15:21', '2021-06-14 12:15:21', NULL, NULL),
(49, 4, NULL, 5, 'Simplon\\Exostim\\Models\\CognitiveFunction', '2021-06-14 12:15:21', '2021-06-14 12:15:21', NULL, NULL),
(50, 5, NULL, 5, 'Simplon\\Exostim\\Models\\CognitiveFunction', '2021-06-14 12:15:21', '2021-06-14 12:15:21', NULL, NULL),
(51, 1, NULL, 6, 'Simplon\\Exostim\\Models\\CognitiveFunction', '2021-06-14 12:15:21', '2021-06-14 12:15:21', NULL, NULL),
(52, 2, NULL, 6, 'Simplon\\Exostim\\Models\\CognitiveFunction', '2021-06-14 12:15:21', '2021-06-14 12:15:21', NULL, NULL),
(53, 3, NULL, 6, 'Simplon\\Exostim\\Models\\CognitiveFunction', '2021-06-14 12:15:21', '2021-06-14 12:15:21', NULL, NULL),
(54, 4, NULL, 6, 'Simplon\\Exostim\\Models\\CognitiveFunction', '2021-06-14 12:15:21', '2021-06-14 12:15:21', NULL, NULL),
(55, 5, NULL, 6, 'Simplon\\Exostim\\Models\\CognitiveFunction', '2021-06-14 12:15:21', '2021-06-14 12:15:21', NULL, NULL),
(56, 1, NULL, 7, 'Simplon\\Exostim\\Models\\CognitiveFunction', '2021-06-14 12:15:21', '2021-06-14 12:15:21', NULL, NULL),
(57, 2, NULL, 7, 'Simplon\\Exostim\\Models\\CognitiveFunction', '2021-06-14 12:15:21', '2021-06-14 12:15:21', NULL, NULL),
(58, 3, NULL, 7, 'Simplon\\Exostim\\Models\\CognitiveFunction', '2021-06-14 12:15:21', '2021-06-14 12:15:21', NULL, NULL),
(59, 4, NULL, 7, 'Simplon\\Exostim\\Models\\CognitiveFunction', '2021-06-14 12:15:21', '2021-06-14 12:15:21', NULL, NULL),
(60, 5, NULL, 7, 'Simplon\\Exostim\\Models\\CognitiveFunction', '2021-06-14 12:15:21', '2021-06-14 12:15:21', NULL, NULL),
(61, 1, NULL, 8, 'Simplon\\Exostim\\Models\\CognitiveFunction', '2021-06-14 12:15:21', '2021-06-14 12:15:21', NULL, NULL),
(62, 2, NULL, 8, 'Simplon\\Exostim\\Models\\CognitiveFunction', '2021-06-14 12:15:21', '2021-06-14 12:15:21', NULL, NULL),
(63, 3, NULL, 8, 'Simplon\\Exostim\\Models\\CognitiveFunction', '2021-06-14 12:15:21', '2021-06-14 12:15:21', NULL, NULL),
(64, 4, NULL, 8, 'Simplon\\Exostim\\Models\\CognitiveFunction', '2021-06-14 12:15:21', '2021-06-14 12:15:21', NULL, NULL),
(65, 5, NULL, 8, 'Simplon\\Exostim\\Models\\CognitiveFunction', '2021-06-14 12:15:21', '2021-06-14 12:15:21', NULL, NULL),
(66, 1, NULL, 9, 'Simplon\\Exostim\\Models\\CognitiveFunction', '2021-06-14 12:15:21', '2021-06-14 12:15:21', NULL, NULL),
(67, 2, NULL, 9, 'Simplon\\Exostim\\Models\\CognitiveFunction', '2021-06-14 12:15:21', '2021-06-14 12:15:21', NULL, NULL),
(68, 3, NULL, 9, 'Simplon\\Exostim\\Models\\CognitiveFunction', '2021-06-14 12:15:21', '2021-06-14 12:15:21', NULL, NULL),
(69, 4, NULL, 9, 'Simplon\\Exostim\\Models\\CognitiveFunction', '2021-06-14 12:15:21', '2021-06-14 12:15:21', NULL, NULL),
(70, 5, NULL, 9, 'Simplon\\Exostim\\Models\\CognitiveFunction', '2021-06-14 12:15:21', '2021-06-14 12:15:21', NULL, NULL),
(71, 1, NULL, 10, 'Simplon\\Exostim\\Models\\CognitiveFunction', '2021-06-14 12:15:21', '2021-06-14 12:15:21', NULL, NULL),
(72, 2, NULL, 10, 'Simplon\\Exostim\\Models\\CognitiveFunction', '2021-06-14 12:15:21', '2021-06-14 12:15:21', NULL, NULL),
(73, 3, NULL, 10, 'Simplon\\Exostim\\Models\\CognitiveFunction', '2021-06-14 12:15:21', '2021-06-14 12:15:21', NULL, NULL),
(74, 4, NULL, 10, 'Simplon\\Exostim\\Models\\CognitiveFunction', '2021-06-14 12:15:21', '2021-06-14 12:15:21', NULL, NULL),
(75, 5, NULL, 10, 'Simplon\\Exostim\\Models\\CognitiveFunction', '2021-06-14 12:15:21', '2021-06-14 12:15:21', NULL, NULL),
(76, 1, NULL, 11, 'Simplon\\Exostim\\Models\\CognitiveFunction', '2021-06-14 12:15:21', '2021-06-14 12:15:21', NULL, NULL),
(77, 2, NULL, 11, 'Simplon\\Exostim\\Models\\CognitiveFunction', '2021-06-14 12:15:21', '2021-06-14 12:15:21', NULL, NULL),
(78, 3, NULL, 11, 'Simplon\\Exostim\\Models\\CognitiveFunction', '2021-06-14 12:15:21', '2021-06-14 12:15:21', NULL, NULL),
(79, 4, NULL, 11, 'Simplon\\Exostim\\Models\\CognitiveFunction', '2021-06-14 12:15:21', '2021-06-14 12:15:21', NULL, NULL),
(80, 5, NULL, 11, 'Simplon\\Exostim\\Models\\CognitiveFunction', '2021-06-14 12:15:21', '2021-06-14 12:15:21', NULL, NULL),
(81, 1, NULL, 12, 'Simplon\\Exostim\\Models\\CognitiveFunction', '2021-06-14 12:15:21', '2021-06-14 12:15:21', NULL, NULL),
(82, 2, NULL, 12, 'Simplon\\Exostim\\Models\\CognitiveFunction', '2021-06-14 12:15:21', '2021-06-14 12:15:21', NULL, NULL),
(83, 3, NULL, 12, 'Simplon\\Exostim\\Models\\CognitiveFunction', '2021-06-14 12:15:21', '2021-06-14 12:15:21', NULL, NULL),
(84, 4, NULL, 12, 'Simplon\\Exostim\\Models\\CognitiveFunction', '2021-06-14 12:15:21', '2021-06-14 12:15:21', NULL, NULL),
(85, 5, NULL, 12, 'Simplon\\Exostim\\Models\\CognitiveFunction', '2021-06-14 12:15:21', '2021-06-14 12:15:21', NULL, NULL),
(86, 1, NULL, 13, 'Simplon\\Exostim\\Models\\CognitiveFunction', '2021-06-14 12:15:21', '2021-06-14 12:15:21', NULL, NULL),
(87, 2, NULL, 13, 'Simplon\\Exostim\\Models\\CognitiveFunction', '2021-06-14 12:15:21', '2021-06-14 12:15:21', NULL, NULL),
(88, 3, NULL, 13, 'Simplon\\Exostim\\Models\\CognitiveFunction', '2021-06-14 12:15:21', '2021-06-14 12:15:21', NULL, NULL),
(89, 4, NULL, 13, 'Simplon\\Exostim\\Models\\CognitiveFunction', '2021-06-14 12:15:21', '2021-06-14 12:15:21', NULL, NULL),
(90, 5, NULL, 13, 'Simplon\\Exostim\\Models\\CognitiveFunction', '2021-06-14 12:15:21', '2021-06-14 12:15:21', NULL, NULL),
(91, 1, NULL, 14, 'Simplon\\Exostim\\Models\\CognitiveFunction', '2021-06-14 12:15:21', '2021-06-14 12:15:21', NULL, NULL),
(92, 2, NULL, 14, 'Simplon\\Exostim\\Models\\CognitiveFunction', '2021-06-14 12:15:21', '2021-06-14 12:15:21', NULL, NULL),
(93, 3, NULL, 14, 'Simplon\\Exostim\\Models\\CognitiveFunction', '2021-06-14 12:15:21', '2021-06-14 12:15:21', NULL, NULL),
(94, 4, NULL, 14, 'Simplon\\Exostim\\Models\\CognitiveFunction', '2021-06-14 12:15:21', '2021-06-14 12:15:21', NULL, NULL),
(95, 5, NULL, 14, 'Simplon\\Exostim\\Models\\CognitiveFunction', '2021-06-14 12:15:21', '2021-06-14 12:15:21', NULL, NULL),
(96, 1, NULL, 15, 'Simplon\\Exostim\\Models\\CognitiveFunction', '2021-06-14 12:15:21', '2021-06-14 12:15:21', NULL, NULL),
(97, 2, NULL, 15, 'Simplon\\Exostim\\Models\\CognitiveFunction', '2021-06-14 12:15:21', '2021-06-14 12:15:21', NULL, NULL),
(98, 3, NULL, 15, 'Simplon\\Exostim\\Models\\CognitiveFunction', '2021-06-14 12:15:21', '2021-06-14 12:15:21', NULL, NULL),
(99, 4, NULL, 15, 'Simplon\\Exostim\\Models\\CognitiveFunction', '2021-06-14 12:15:21', '2021-06-14 12:15:21', NULL, NULL),
(100, 5, NULL, 15, 'Simplon\\Exostim\\Models\\CognitiveFunction', '2021-06-14 12:15:21', '2021-06-14 12:15:21', NULL, NULL),
(101, 1, NULL, 16, 'Simplon\\Exostim\\Models\\CognitiveFunction', '2021-06-14 12:15:21', '2021-06-14 12:15:21', NULL, NULL),
(102, 2, NULL, 16, 'Simplon\\Exostim\\Models\\CognitiveFunction', '2021-06-14 12:15:21', '2021-06-14 12:15:21', NULL, NULL),
(103, 3, NULL, 16, 'Simplon\\Exostim\\Models\\CognitiveFunction', '2021-06-14 12:15:21', '2021-06-14 12:15:21', NULL, NULL),
(104, 4, NULL, 16, 'Simplon\\Exostim\\Models\\CognitiveFunction', '2021-06-14 12:15:21', '2021-06-14 12:15:21', NULL, NULL),
(105, 5, NULL, 16, 'Simplon\\Exostim\\Models\\CognitiveFunction', '2021-06-14 12:15:21', '2021-06-14 12:15:21', NULL, NULL),
(106, 1, NULL, 17, 'Simplon\\Exostim\\Models\\CognitiveFunction', '2021-06-14 12:15:21', '2021-06-14 12:15:21', NULL, NULL),
(107, 2, NULL, 17, 'Simplon\\Exostim\\Models\\CognitiveFunction', '2021-06-14 12:15:21', '2021-06-14 12:15:21', NULL, NULL),
(108, 3, NULL, 17, 'Simplon\\Exostim\\Models\\CognitiveFunction', '2021-06-14 12:15:21', '2021-06-14 12:15:21', NULL, NULL),
(109, 4, NULL, 17, 'Simplon\\Exostim\\Models\\CognitiveFunction', '2021-06-14 12:15:21', '2021-06-14 12:15:21', NULL, NULL),
(110, 5, NULL, 17, 'Simplon\\Exostim\\Models\\CognitiveFunction', '2021-06-14 12:15:21', '2021-06-14 12:15:21', NULL, NULL),
(111, 1, NULL, 18, 'Simplon\\Exostim\\Models\\CognitiveFunction', '2021-06-14 12:15:21', '2021-06-14 12:15:21', NULL, NULL),
(112, 2, NULL, 18, 'Simplon\\Exostim\\Models\\CognitiveFunction', '2021-06-14 12:15:21', '2021-06-14 12:15:21', NULL, NULL),
(113, 3, NULL, 18, 'Simplon\\Exostim\\Models\\CognitiveFunction', '2021-06-14 12:15:21', '2021-06-14 12:15:21', NULL, NULL),
(114, 4, NULL, 18, 'Simplon\\Exostim\\Models\\CognitiveFunction', '2021-06-14 12:15:21', '2021-06-14 12:15:21', NULL, NULL),
(115, 5, NULL, 18, 'Simplon\\Exostim\\Models\\CognitiveFunction', '2021-06-14 12:15:21', '2021-06-14 12:15:21', NULL, NULL),
(116, 1, NULL, 19, 'Simplon\\Exostim\\Models\\CognitiveFunction', '2021-06-14 12:15:21', '2021-06-14 12:15:21', NULL, NULL),
(117, 2, NULL, 19, 'Simplon\\Exostim\\Models\\CognitiveFunction', '2021-06-14 12:15:21', '2021-06-14 12:15:21', NULL, NULL),
(118, 3, NULL, 19, 'Simplon\\Exostim\\Models\\CognitiveFunction', '2021-06-14 12:15:21', '2021-06-14 12:15:21', NULL, NULL),
(119, 4, NULL, 19, 'Simplon\\Exostim\\Models\\CognitiveFunction', '2021-06-14 12:15:21', '2021-06-14 12:15:21', NULL, NULL),
(120, 5, NULL, 19, 'Simplon\\Exostim\\Models\\CognitiveFunction', '2021-06-14 12:15:21', '2021-06-14 12:15:21', NULL, NULL),
(121, 1, NULL, 20, 'Simplon\\Exostim\\Models\\CognitiveFunction', '2021-06-14 12:15:21', '2021-06-14 12:15:21', NULL, NULL),
(122, 2, NULL, 20, 'Simplon\\Exostim\\Models\\CognitiveFunction', '2021-06-14 12:15:21', '2021-06-14 12:15:21', NULL, NULL),
(123, 3, NULL, 20, 'Simplon\\Exostim\\Models\\CognitiveFunction', '2021-06-14 12:15:21', '2021-06-14 12:15:21', NULL, NULL),
(124, 4, NULL, 20, 'Simplon\\Exostim\\Models\\CognitiveFunction', '2021-06-14 12:15:21', '2021-06-14 12:15:21', NULL, NULL),
(125, 5, NULL, 20, 'Simplon\\Exostim\\Models\\CognitiveFunction', '2021-06-14 12:15:21', '2021-06-14 12:15:21', NULL, NULL),
(126, 1, NULL, 21, 'Simplon\\Exostim\\Models\\CognitiveFunction', '2021-06-14 12:15:21', '2021-06-14 12:15:21', NULL, NULL),
(127, 2, NULL, 21, 'Simplon\\Exostim\\Models\\CognitiveFunction', '2021-06-14 12:15:21', '2021-06-14 12:15:21', NULL, NULL),
(128, 3, NULL, 21, 'Simplon\\Exostim\\Models\\CognitiveFunction', '2021-06-14 12:15:21', '2021-06-14 12:15:21', NULL, NULL),
(129, 4, NULL, 21, 'Simplon\\Exostim\\Models\\CognitiveFunction', '2021-06-14 12:15:21', '2021-06-14 12:15:21', NULL, NULL),
(130, 5, NULL, 21, 'Simplon\\Exostim\\Models\\CognitiveFunction', '2021-06-14 12:15:21', '2021-06-14 12:15:21', NULL, NULL),
(131, 1, NULL, 22, 'Simplon\\Exostim\\Models\\CognitiveFunction', '2021-06-14 12:15:21', '2021-06-14 12:15:21', NULL, NULL),
(132, 2, NULL, 22, 'Simplon\\Exostim\\Models\\CognitiveFunction', '2021-06-14 12:15:21', '2021-06-14 12:15:21', NULL, NULL),
(133, 3, NULL, 22, 'Simplon\\Exostim\\Models\\CognitiveFunction', '2021-06-14 12:15:21', '2021-06-14 12:15:21', NULL, NULL),
(134, 4, NULL, 22, 'Simplon\\Exostim\\Models\\CognitiveFunction', '2021-06-14 12:15:21', '2021-06-14 12:15:21', NULL, NULL),
(135, 5, NULL, 22, 'Simplon\\Exostim\\Models\\CognitiveFunction', '2021-06-14 12:15:21', '2021-06-14 12:15:21', NULL, NULL),
(136, 1, NULL, 23, 'Simplon\\Exostim\\Models\\CognitiveFunction', '2021-06-14 12:15:21', '2021-06-14 12:15:21', NULL, NULL),
(137, 2, NULL, 23, 'Simplon\\Exostim\\Models\\CognitiveFunction', '2021-06-14 12:15:21', '2021-06-14 12:15:21', NULL, NULL),
(138, 3, NULL, 23, 'Simplon\\Exostim\\Models\\CognitiveFunction', '2021-06-14 12:15:21', '2021-06-14 12:15:21', NULL, NULL),
(139, 4, NULL, 23, 'Simplon\\Exostim\\Models\\CognitiveFunction', '2021-06-14 12:15:21', '2021-06-14 12:15:21', NULL, NULL),
(140, 5, NULL, 23, 'Simplon\\Exostim\\Models\\CognitiveFunction', '2021-06-14 12:15:21', '2021-06-14 12:15:21', NULL, NULL),
(141, 1, NULL, 24, 'Simplon\\Exostim\\Models\\CognitiveFunction', '2021-06-14 12:15:21', '2021-06-14 12:15:21', NULL, NULL),
(142, 2, NULL, 24, 'Simplon\\Exostim\\Models\\CognitiveFunction', '2021-06-14 12:15:21', '2021-06-14 12:15:21', NULL, NULL),
(143, 3, NULL, 24, 'Simplon\\Exostim\\Models\\CognitiveFunction', '2021-06-14 12:15:21', '2021-06-14 12:15:21', NULL, NULL),
(144, 4, NULL, 24, 'Simplon\\Exostim\\Models\\CognitiveFunction', '2021-06-14 12:15:21', '2021-06-14 12:15:21', NULL, NULL),
(145, 5, NULL, 24, 'Simplon\\Exostim\\Models\\CognitiveFunction', '2021-06-14 12:15:21', '2021-06-14 12:15:21', NULL, NULL),
(146, 1, NULL, 25, 'Simplon\\Exostim\\Models\\CognitiveFunction', '2021-06-14 12:15:21', '2021-06-14 12:15:21', NULL, NULL),
(147, 2, NULL, 25, 'Simplon\\Exostim\\Models\\CognitiveFunction', '2021-06-14 12:15:21', '2021-06-14 12:15:21', NULL, NULL),
(148, 3, NULL, 25, 'Simplon\\Exostim\\Models\\CognitiveFunction', '2021-06-14 12:15:21', '2021-06-14 12:15:21', NULL, NULL),
(149, 4, NULL, 25, 'Simplon\\Exostim\\Models\\CognitiveFunction', '2021-06-14 12:15:21', '2021-06-14 12:15:21', NULL, NULL),
(150, 5, NULL, 25, 'Simplon\\Exostim\\Models\\CognitiveFunction', '2021-06-14 12:15:21', '2021-06-14 12:15:21', NULL, NULL),
(151, 1, NULL, 26, 'Simplon\\Exostim\\Models\\CognitiveFunction', '2021-06-14 12:15:21', '2021-06-14 12:15:21', NULL, NULL),
(152, 2, NULL, 26, 'Simplon\\Exostim\\Models\\CognitiveFunction', '2021-06-14 12:15:21', '2021-06-14 12:15:21', NULL, NULL),
(153, 3, NULL, 26, 'Simplon\\Exostim\\Models\\CognitiveFunction', '2021-06-14 12:15:21', '2021-06-14 12:15:21', NULL, NULL),
(154, 4, NULL, 26, 'Simplon\\Exostim\\Models\\CognitiveFunction', '2021-06-14 12:15:21', '2021-06-14 12:15:21', NULL, NULL),
(155, 5, NULL, 26, 'Simplon\\Exostim\\Models\\CognitiveFunction', '2021-06-14 12:15:21', '2021-06-14 12:15:21', NULL, NULL),
(156, 1, NULL, 27, 'Simplon\\Exostim\\Models\\CognitiveFunction', '2021-06-14 12:15:21', '2021-06-14 12:15:21', NULL, NULL),
(157, 2, NULL, 27, 'Simplon\\Exostim\\Models\\CognitiveFunction', '2021-06-14 12:15:21', '2021-06-14 12:15:21', NULL, NULL),
(158, 3, NULL, 27, 'Simplon\\Exostim\\Models\\CognitiveFunction', '2021-06-14 12:15:21', '2021-06-14 12:15:21', NULL, NULL),
(159, 4, NULL, 27, 'Simplon\\Exostim\\Models\\CognitiveFunction', '2021-06-14 12:15:21', '2021-06-14 12:15:21', NULL, NULL),
(160, 5, NULL, 27, 'Simplon\\Exostim\\Models\\CognitiveFunction', '2021-06-14 12:15:21', '2021-06-14 12:15:21', NULL, NULL),
(161, 1, NULL, 28, 'Simplon\\Exostim\\Models\\CognitiveFunction', '2021-06-14 12:15:21', '2021-06-14 12:15:21', NULL, NULL),
(162, 2, NULL, 28, 'Simplon\\Exostim\\Models\\CognitiveFunction', '2021-06-14 12:15:21', '2021-06-14 12:15:21', NULL, NULL),
(163, 3, NULL, 28, 'Simplon\\Exostim\\Models\\CognitiveFunction', '2021-06-14 12:15:21', '2021-06-14 12:15:21', NULL, NULL),
(164, 4, NULL, 28, 'Simplon\\Exostim\\Models\\CognitiveFunction', '2021-06-14 12:15:21', '2021-06-14 12:15:21', NULL, NULL),
(165, 5, NULL, 28, 'Simplon\\Exostim\\Models\\CognitiveFunction', '2021-06-14 12:15:21', '2021-06-14 12:15:21', NULL, NULL),
(166, 1, NULL, 29, 'Simplon\\Exostim\\Models\\CognitiveFunction', '2021-06-14 12:15:21', '2021-06-14 12:15:21', NULL, NULL),
(167, 2, NULL, 29, 'Simplon\\Exostim\\Models\\CognitiveFunction', '2021-06-14 12:15:21', '2021-06-14 12:15:21', NULL, NULL),
(168, 3, NULL, 29, 'Simplon\\Exostim\\Models\\CognitiveFunction', '2021-06-14 12:15:21', '2021-06-14 12:15:21', NULL, NULL),
(169, 4, NULL, 29, 'Simplon\\Exostim\\Models\\CognitiveFunction', '2021-06-14 12:15:21', '2021-06-14 12:15:21', NULL, NULL),
(170, 5, NULL, 29, 'Simplon\\Exostim\\Models\\CognitiveFunction', '2021-06-14 12:15:21', '2021-06-14 12:15:21', NULL, NULL),
(171, 1, NULL, 30, 'Simplon\\Exostim\\Models\\CognitiveFunction', '2021-06-14 12:15:21', '2021-06-14 12:15:21', NULL, NULL),
(172, 2, NULL, 30, 'Simplon\\Exostim\\Models\\CognitiveFunction', '2021-06-14 12:15:21', '2021-06-14 12:15:21', NULL, NULL),
(173, 3, NULL, 30, 'Simplon\\Exostim\\Models\\CognitiveFunction', '2021-06-14 12:15:21', '2021-06-14 12:15:21', NULL, NULL),
(174, 4, NULL, 30, 'Simplon\\Exostim\\Models\\CognitiveFunction', '2021-06-14 12:15:21', '2021-06-14 12:15:21', NULL, NULL),
(175, 5, NULL, 30, 'Simplon\\Exostim\\Models\\CognitiveFunction', '2021-06-14 12:15:21', '2021-06-14 12:15:21', NULL, NULL),
(176, 1, NULL, 31, 'Simplon\\Exostim\\Models\\CognitiveFunction', '2021-06-14 12:15:21', '2021-06-14 12:15:21', NULL, NULL),
(177, 2, NULL, 31, 'Simplon\\Exostim\\Models\\CognitiveFunction', '2021-06-14 12:15:21', '2021-06-14 12:15:21', NULL, NULL),
(178, 3, NULL, 31, 'Simplon\\Exostim\\Models\\CognitiveFunction', '2021-06-14 12:15:21', '2021-06-14 12:15:21', NULL, NULL),
(179, 4, NULL, 31, 'Simplon\\Exostim\\Models\\CognitiveFunction', '2021-06-14 12:15:21', '2021-06-14 12:15:21', NULL, NULL),
(180, 5, NULL, 31, 'Simplon\\Exostim\\Models\\CognitiveFunction', '2021-06-14 12:15:21', '2021-06-14 12:15:21', NULL, NULL),
(181, 1, NULL, 32, 'Simplon\\Exostim\\Models\\CognitiveFunction', '2021-06-14 12:15:21', '2021-06-14 12:15:21', NULL, NULL),
(182, 2, NULL, 32, 'Simplon\\Exostim\\Models\\CognitiveFunction', '2021-06-14 12:15:21', '2021-06-14 12:15:21', NULL, NULL),
(183, 3, NULL, 32, 'Simplon\\Exostim\\Models\\CognitiveFunction', '2021-06-14 12:15:21', '2021-06-14 12:15:21', NULL, NULL),
(184, 4, NULL, 32, 'Simplon\\Exostim\\Models\\CognitiveFunction', '2021-06-14 12:15:21', '2021-06-14 12:15:21', NULL, NULL),
(185, 5, NULL, 32, 'Simplon\\Exostim\\Models\\CognitiveFunction', '2021-06-14 12:15:21', '2021-06-14 12:15:21', NULL, NULL),
(186, 1, NULL, 33, 'Simplon\\Exostim\\Models\\CognitiveFunction', '2021-06-14 12:15:21', '2021-06-14 12:15:21', NULL, NULL),
(187, 2, NULL, 33, 'Simplon\\Exostim\\Models\\CognitiveFunction', '2021-06-14 12:15:21', '2021-06-14 12:15:21', NULL, NULL),
(188, 3, NULL, 33, 'Simplon\\Exostim\\Models\\CognitiveFunction', '2021-06-14 12:15:21', '2021-06-14 12:15:21', NULL, NULL),
(189, 4, NULL, 33, 'Simplon\\Exostim\\Models\\CognitiveFunction', '2021-06-14 12:15:21', '2021-06-14 12:15:21', NULL, NULL),
(190, 5, NULL, 33, 'Simplon\\Exostim\\Models\\CognitiveFunction', '2021-06-14 12:15:21', '2021-06-14 12:15:21', NULL, NULL),
(191, 1, NULL, 34, 'Simplon\\Exostim\\Models\\CognitiveFunction', '2021-06-14 12:15:21', '2021-06-14 12:15:21', NULL, NULL),
(192, 2, NULL, 34, 'Simplon\\Exostim\\Models\\CognitiveFunction', '2021-06-14 12:15:21', '2021-06-14 12:15:21', NULL, NULL),
(193, 3, NULL, 34, 'Simplon\\Exostim\\Models\\CognitiveFunction', '2021-06-14 12:15:21', '2021-06-14 12:15:21', NULL, NULL),
(194, 4, NULL, 34, 'Simplon\\Exostim\\Models\\CognitiveFunction', '2021-06-14 12:15:21', '2021-06-14 12:15:21', NULL, NULL),
(195, 5, NULL, 34, 'Simplon\\Exostim\\Models\\CognitiveFunction', '2021-06-14 12:15:21', '2021-06-14 12:15:21', NULL, NULL),
(196, 1, NULL, 35, 'Simplon\\Exostim\\Models\\CognitiveFunction', '2021-06-14 12:15:21', '2021-06-14 12:15:21', NULL, NULL),
(197, 2, NULL, 35, 'Simplon\\Exostim\\Models\\CognitiveFunction', '2021-06-14 12:15:21', '2021-06-14 12:15:21', NULL, NULL),
(198, 3, NULL, 35, 'Simplon\\Exostim\\Models\\CognitiveFunction', '2021-06-14 12:15:21', '2021-06-14 12:15:21', NULL, NULL),
(199, 4, NULL, 35, 'Simplon\\Exostim\\Models\\CognitiveFunction', '2021-06-14 12:15:21', '2021-06-14 12:15:21', NULL, NULL),
(200, 5, NULL, 35, 'Simplon\\Exostim\\Models\\CognitiveFunction', '2021-06-14 12:15:21', '2021-06-14 12:15:21', NULL, NULL),
(201, 1, NULL, 36, 'Simplon\\Exostim\\Models\\CognitiveFunction', '2021-06-14 12:15:21', '2021-06-14 12:15:21', NULL, NULL),
(202, 2, NULL, 36, 'Simplon\\Exostim\\Models\\CognitiveFunction', '2021-06-14 12:15:21', '2021-06-14 12:15:21', NULL, NULL),
(203, 3, NULL, 36, 'Simplon\\Exostim\\Models\\CognitiveFunction', '2021-06-14 12:15:21', '2021-06-14 12:15:21', NULL, NULL),
(204, 4, NULL, 36, 'Simplon\\Exostim\\Models\\CognitiveFunction', '2021-06-14 12:15:21', '2021-06-14 12:15:21', NULL, NULL),
(205, 5, NULL, 36, 'Simplon\\Exostim\\Models\\CognitiveFunction', '2021-06-14 12:15:21', '2021-06-14 12:15:21', NULL, NULL),
(206, 1, NULL, 37, 'Simplon\\Exostim\\Models\\CognitiveFunction', '2021-06-14 12:15:21', '2021-06-14 12:15:21', NULL, NULL),
(207, 2, NULL, 37, 'Simplon\\Exostim\\Models\\CognitiveFunction', '2021-06-14 12:15:21', '2021-06-14 12:15:21', NULL, NULL),
(208, 3, NULL, 37, 'Simplon\\Exostim\\Models\\CognitiveFunction', '2021-06-14 12:15:21', '2021-06-14 12:15:21', NULL, NULL),
(209, 4, NULL, 37, 'Simplon\\Exostim\\Models\\CognitiveFunction', '2021-06-14 12:15:21', '2021-06-14 12:15:21', NULL, NULL),
(210, 5, NULL, 37, 'Simplon\\Exostim\\Models\\CognitiveFunction', '2021-06-14 12:15:21', '2021-06-14 12:15:21', NULL, NULL),
(211, 1, NULL, 38, 'Simplon\\Exostim\\Models\\CognitiveFunction', '2021-06-14 12:15:21', '2021-06-14 12:15:21', NULL, NULL),
(212, 2, NULL, 38, 'Simplon\\Exostim\\Models\\CognitiveFunction', '2021-06-14 12:15:21', '2021-06-14 12:15:21', NULL, NULL),
(213, 3, NULL, 38, 'Simplon\\Exostim\\Models\\CognitiveFunction', '2021-06-14 12:15:21', '2021-06-14 12:15:21', NULL, NULL),
(214, 4, NULL, 38, 'Simplon\\Exostim\\Models\\CognitiveFunction', '2021-06-14 12:15:21', '2021-06-14 12:15:21', NULL, NULL),
(215, 5, NULL, 38, 'Simplon\\Exostim\\Models\\CognitiveFunction', '2021-06-14 12:15:21', '2021-06-14 12:15:21', NULL, NULL),
(216, 1, NULL, 39, 'Simplon\\Exostim\\Models\\CognitiveFunction', '2021-06-14 12:15:21', '2021-06-14 12:15:21', NULL, NULL),
(217, 2, NULL, 39, 'Simplon\\Exostim\\Models\\CognitiveFunction', '2021-06-14 12:15:21', '2021-06-14 12:15:21', NULL, NULL),
(218, 3, NULL, 39, 'Simplon\\Exostim\\Models\\CognitiveFunction', '2021-06-14 12:15:21', '2021-06-14 12:15:21', NULL, NULL),
(219, 4, NULL, 39, 'Simplon\\Exostim\\Models\\CognitiveFunction', '2021-06-14 12:15:21', '2021-06-14 12:15:21', NULL, NULL),
(220, 5, NULL, 39, 'Simplon\\Exostim\\Models\\CognitiveFunction', '2021-06-14 12:15:21', '2021-06-14 12:15:21', NULL, NULL),
(221, 1, NULL, 40, 'Simplon\\Exostim\\Models\\CognitiveFunction', '2021-06-14 12:15:21', '2021-06-14 12:15:21', NULL, NULL),
(222, 2, NULL, 40, 'Simplon\\Exostim\\Models\\CognitiveFunction', '2021-06-14 12:15:21', '2021-06-14 12:15:21', NULL, NULL),
(223, 3, NULL, 40, 'Simplon\\Exostim\\Models\\CognitiveFunction', '2021-06-14 12:15:21', '2021-06-14 12:15:21', NULL, NULL),
(224, 4, NULL, 40, 'Simplon\\Exostim\\Models\\CognitiveFunction', '2021-06-14 12:15:21', '2021-06-14 12:15:21', NULL, NULL),
(225, 5, NULL, 40, 'Simplon\\Exostim\\Models\\CognitiveFunction', '2021-06-14 12:15:21', '2021-06-14 12:15:21', NULL, NULL),
(226, 1, NULL, 41, 'Simplon\\Exostim\\Models\\CognitiveFunction', '2021-06-14 12:15:21', '2021-06-14 12:15:21', NULL, NULL),
(227, 2, NULL, 41, 'Simplon\\Exostim\\Models\\CognitiveFunction', '2021-06-14 12:15:21', '2021-06-14 12:15:21', NULL, NULL),
(228, 3, NULL, 41, 'Simplon\\Exostim\\Models\\CognitiveFunction', '2021-06-14 12:15:21', '2021-06-14 12:15:21', NULL, NULL),
(229, 4, NULL, 41, 'Simplon\\Exostim\\Models\\CognitiveFunction', '2021-06-14 12:15:21', '2021-06-14 12:15:21', NULL, NULL),
(230, 5, NULL, 41, 'Simplon\\Exostim\\Models\\CognitiveFunction', '2021-06-14 12:15:21', '2021-06-14 12:15:21', NULL, NULL),
(231, 1, NULL, 42, 'Simplon\\Exostim\\Models\\CognitiveFunction', '2021-06-14 12:15:21', '2021-06-14 12:15:21', NULL, NULL),
(232, 2, NULL, 42, 'Simplon\\Exostim\\Models\\CognitiveFunction', '2021-06-14 12:15:21', '2021-06-14 12:15:21', NULL, NULL),
(233, 3, NULL, 42, 'Simplon\\Exostim\\Models\\CognitiveFunction', '2021-06-14 12:15:21', '2021-06-14 12:15:21', NULL, NULL),
(234, 4, NULL, 42, 'Simplon\\Exostim\\Models\\CognitiveFunction', '2021-06-14 12:15:21', '2021-06-14 12:15:21', NULL, NULL),
(235, 5, NULL, 42, 'Simplon\\Exostim\\Models\\CognitiveFunction', '2021-06-14 12:15:21', '2021-06-14 12:15:21', NULL, NULL);

--
-- Déchargement des données de la table `frag_fragments`
--

INSERT INTO `frag_fragments` (`id`, `slug`, `content`, `type`, `published`, `created_at`, `updated_at`) VALUES
(1, 'onglet-suivi.title', 'some content', 'RAW', 1, NULL, NULL),
(2, 'onglet-suivi.subtitle', 'some content', 'RAW', 1, NULL, NULL),
(3, 'onglet-suivi.presentation', 'some content', 'RICH_TEXT', 1, NULL, NULL),
(4, 'onglet-historique.title', 'some content', 'RAW', 1, NULL, NULL),
(5, 'onglet-historique.presentation', 'some content', 'RICH_TEXT', 1, NULL, NULL),
(6, 'entrainements-aleatoire', 'some content', 'RICH_TEXT', 1, NULL, NULL),
(7, 'entrainements-preconise', 'some content', 'RICH_TEXT', 1, NULL, NULL),
(8, 'entrainements-thematiques', 'some content', 'RICH_TEXT', 1, NULL, NULL),
(9, 'entrainements-automatique', 'some content', 'RICH_TEXT', 1, NULL, NULL),
(10, 'dashboard-welcome-referent', 'hello ref', 'RAW', 0, NULL, NULL),
(11, 'dashboard-welcome-beneficiaire', 'hello bene', 'RAW', 0, NULL, NULL),
(12, 'dashboard-welcome-admin', 'hello admin', 'RAW', 0, NULL, NULL),
(13, 'dashboard-welcome-manager', 'bonjour', 'RAW', 0, NULL, NULL),
(14, 'dashboard-welcome-misc', 'bonjour', 'RAW', 0, NULL, NULL);

--
-- Déchargement des données de la table `frag_fragment_group`
--

INSERT INTO `frag_fragment_group` (`id`, `order`, `fragment_id`, `group_id`, `created_at`, `updated_at`) VALUES
(1, 1, 1, 1, NULL, NULL),
(2, 1, 2, 1, NULL, NULL),
(3, 1, 3, 1, NULL, NULL),
(4, 1, 4, 2, NULL, NULL),
(5, 1, 5, 2, NULL, NULL),
(6, 1, 10, 3, NULL, NULL),
(7, 1, 11, 3, NULL, NULL),
(8, 1, 12, 3, NULL, NULL),
(9, 1, 13, 3, NULL, NULL),
(10, 1, 14, 3, NULL, NULL);

--
-- Déchargement des données de la table `frag_groups`
--

INSERT INTO `frag_groups` (`id`, `slug`, `title`, `created_at`, `updated_at`) VALUES
(1, 'onglet-suivi', 'Onglet Suivi', NULL, NULL),
(2, 'onglet-historique', 'Onglet Historique', NULL, NULL),
(3, 'dashboard', 'Dashboard', NULL, NULL);

--
-- Déchargement des données de la table `frag_sections`
--

INSERT INTO `frag_sections` (`id`, `slug`, `title`, `parent_id`, `order`, `model_id`, `model_name`, `url`, `created_at`, `updated_at`) VALUES
(1, 'textes-evaluation', 'Textes évaluation', NULL, 1, NULL, NULL, NULL, NULL, NULL),
(2, 'suivi-statistique', 'Suivi Statistique', NULL, 2, NULL, NULL, NULL, NULL, NULL),
(3, 'entrainements', 'Entraînements', NULL, 3, NULL, NULL, NULL, NULL, NULL),
(4, 'themes', 'Thèmes', 1, 1, NULL, NULL, '/panel/theme', NULL, NULL),
(5, 'fonctions-cognitives', 'Fonctions cognitives', 1, 2, NULL, NULL, '/panel/cognitivefunction', NULL, NULL),
(6, 'profil-cognitif', 'Profil Cognitif', 1, 3, NULL, NULL, '/panel/labels/1/edit', NULL, NULL),
(7, 'onglet-suivi', 'Onglet Suivi', 2, 1, 1, 'Simplon\\Fragments\\Models\\Group', NULL, NULL, NULL),
(8, 'pages-thematiques', 'Pages thématiques', 2, 2, NULL, NULL, '/panel/theme', NULL, NULL),
(9, 'onglet-historique', 'Onglet historique', 2, 3, 2, 'Simplon\\Fragments\\Models\\Group', NULL, NULL, NULL),
(10, 'aleatoire', 'Entraînement aléatoire', 3, 1, 6, 'Simplon\\Fragments\\Models\\Fragment', NULL, NULL, NULL),
(11, 'preconise', 'Entraînement préconisé', 3, 2, 7, 'Simplon\\Fragments\\Models\\Fragment', NULL, NULL, NULL),
(12, 'thematiques', 'Entraînement par thématique', 3, 3, 8, 'Simplon\\Fragments\\Models\\Fragment', NULL, NULL, NULL),
(13, 'automatique', 'Entraînement automatique', 3, 4, 9, 'Simplon\\Fragments\\Models\\Fragment', NULL, NULL, NULL),
(14, 'misc', 'Autres', NULL, 4, NULL, NULL, NULL, NULL, NULL),
(15, 'dashboard', 'Dashboard', 14, 1, 3, 'Simplon\\Fragments\\Models\\Group', NULL, NULL, NULL);

--
-- Déchargement des données de la table `games`
--

INSERT INTO `games` (`id`, `theme_id`, `cognitive_function_id`, `title`, `data`, `short_instruction`, `screen_instruction`, `deleted_at`, `created_at`, `updated_at`, `slug`, `description`, `example`, `icon`, `bg`, `fg`, `color`, `nolevels`) VALUES
(1, 1, 1, 'test praxique', '{\"answers\":[true,true,true,\"LAPIN\",\"3W82G\"]}', 'Suivez la consigne.', 'Voici quelques exercices destinés à valider votre utilisation de l\'appareil.', NULL, NULL, '2021-06-14 12:15:23', 'test-praxique', '', '', '', '', '', '', 1),
(2, 1, 2, 'Gnosies visuelles', '{\"solver_perf\":\"genericString\",\"answers\":[\"horloge\",\"tasse\",\"etoile\",\"ballon\",\"clef\"]}', 'Sélectionnez l\'image demandée.', 'Vous allez voir plusieurs images, sélectionnez celle demandée.', NULL, NULL, '2021-06-14 12:15:23', 'gnosies-visuelles', '', '', '', '', '', '', 1),
(3, 2, 3, 'Désignation indicée', '{\"solver_perf\":\"genericString\",\"answers\":[\"chaise\",\"tabouret\",\"canape\",\"fauteuil\"]}', 'Sélectionnez l\'image correspondant au nom affiché.', 'Sélectionnez l\'image correspondant au nom affiché.', NULL, NULL, '2021-06-14 12:15:23', 'designation-indicee', '', '', '', '', '', '', 1),
(4, 2, 4, 'Dénomination indicée', '{\"solver_perf\":\"genericString\",\"answers\":[\"elephant\",\"cravate\",\"scooter\",\"ordinateur\",\"eventail\"]}', 'Sélectionnez le bon nom.', 'Sélectionnez le nom correspondant à l\'image affichée', NULL, NULL, '2021-06-14 12:15:23', 'denomination-indicee', '', '', '', '', '', '', 1),
(5, 3, 5, 'Compréhension de consigne', '{\"solver_perf\":\"consigne\",\"solver_speed\":\"generic\",\"answers\":[[\"x3y2\"],[\"x2y2\"],[\"x4y1\"],[\"x2y1\"],[\"x4y4\"],[\"x3y3\"],[\"x4y3\"],[\"x3y3\"],[\"x2y3\",\"x3y1\",\"x4y1\",\"x4y3\",\"x4y4\"]]}', 'Sélectionnez la bonne forme.', 'Sélectionnez la forme correspondant aux indications données.', NULL, NULL, '2021-06-14 12:15:23', 'comprehension-de-consigne', '', '', '', '', '', '', 1),
(6, 4, 6, 'Notion de repérage dans l’espace (topologie)', '{\"solver_perf\":\"genericString\",\"solver_speed\":\"generic\",\"answers\":[\"x3y3\",\"x1y2\",\"x2y3\",\"x1y2\",\"x3y1\",\"x1y5\",\"x3y4\"]}', ' Sélectionnez le bon cube.', 'Sélectionnez le cube correspondant aux indications données.', NULL, NULL, '2021-06-14 12:15:23', 'notion-de-reperage-dans-lespace-topologie', '', '', '', '', '', '', 1),
(7, 3, 7, 'Notion de repérage dans l’espace (localisation)', '{\"solver_perf\":\"geoloc\",\"answers\":null}', 'Situation géographique', 'Voici des exercices géographiques, répondez à chaque question', NULL, NULL, '2021-06-14 12:15:23', 'notion-de-reperage-dans-lespace-localisation', '', '', '', '', '', '', 1),
(8, 4, 8, 'Notion de mesure et de repérage dans l’espace', '{\"solver_perf\":\"localisation\",\"solver_speed\":\"flexibilite\",\"answers\":null}', 'Déplacez le point: 1 mètre nord et 2 mètres sud est.', 'Déplacer le point rouge de 1 mètre vers le nord et de 2 mètres vers le sud est.', NULL, NULL, '2021-06-14 12:15:23', 'notion-de-mesure-et-de-reperage-dans-lespace', '', '', '', '', '', '', 1),
(9, 5, 9, 'Empan auditif', '{\"solver_perf\":\"generic\",\"answers\":[854,439,1386,8927,61583,17619,653168,464813,1387542,3120321,65615420,51568418]}', 'Ecrivez les chiffres dans l\'ordre où vous les entendez', 'Vous allez entendre des suites de chiffres. Ecrivez les chiffres dans l\'ordre où vous les entendez', NULL, NULL, '2021-06-14 12:15:23', 'empan-auditif', '', '', '', '', '', '', 1),
(10, 3, 10, 'Attention sélective auditive', '{\"solver_score\":\"conditional\",\"solver_perf\":\"no\",\"answers\":[10]}', 'Combien de [A] entendez vous dans cette série?', 'Vous allez entendre une série de lettres, A la fin, vous devrez préciser combien de fois y a-t-il la lettre [A] ?', NULL, NULL, '2021-06-14 12:15:23', 'attention-selective-auditive', '', '', '', '', '', '', 1),
(11, 3, 11, 'Structuration – catégorisation', '{\"answers\":[\"politique\",\"medecine\",\"psychanalyse\",\"politique\",\"psychanalyse\",\"psychanalyse\",\"medecine\",\"politique\",\"politique\",\"psychanalyse\",\"psychanalyse\",\"medecine\",\"psychanalyse\",\"politique\",\"politique\",\"medecine\",\"medecine\",\"psychanalyse\"],\"solver_perf\":\"genericString\"}', 'Quelle est la catégorie de ce mot?', 'Classez ces mots selon les 3 catégories les plus pertinentes', NULL, NULL, '2021-06-14 12:15:23', 'structuration-categorisation', '', '', '', '', '', '', 1),
(12, 5, 12, 'Empan visuel', '{\"solver_perf\":\"generic\",\"answers\":[854,439,1386,8927,61583,17619,653168,464813,1387542,3120321,65615420,51568418]}', 'Ecrivez les chiffres dans l\'ordre où vous les voyez', 'Vous allez voir des suites de chiffres. Ecrivez les chiffres dans l\'ordre où vous les voyez. Par exemple si vous lisez 9-5, vous écrivez ?\n                9-5', NULL, NULL, '2021-06-14 12:15:23', 'empan-visuel', '', '', '', '', '', '', 1),
(13, 3, 13, 'Attention sélective visuelle', '{\"solver_score\":\"conditional\",\"solver_perf\":\"no\",\"answers\":[12]}', 'Combien de [I] voyez vous?', 'Vous allez voir une série de lettres. A la fin, vous devrez préciser combien de fois y a-t-il la lettre [I] ?', NULL, NULL, '2021-06-14 12:15:23', 'attention-selective-visuelle', '', '', '', '', '', '', 1),
(14, 3, 14, 'Inhibition (auditive)', '{\"solver_perf\":\"genericString\",\"answers\":[\"fish\",\"fish\",\"bird\",\"fish\",\"fish\",\"\",\"bird\",\"fish\",\"\",\"fish\",\"bird\",\"bird\",\"\",\"bird\",\"bird\",\"fish\",\"\",\"fish\",\"\",\"bird\",\"fish\"]}', 'Poisson, oiseau ou insecte?', 'Vous allez entendre une série de mots, certains sont des poissons, d’autres des oiseaux, d’autres des insectes.\n                Lorsque vous entendrez un nom de poisson, appuyez sur le bouton poisson.\n                Lorsque vous entendrez un nom d’oiseau, appuyez sur le bouton oiseau.\n                Lorsque vous entendrez un nom d’insecte, n’appuyez sur aucun bouton.', NULL, NULL, '2021-06-14 12:15:23', 'inhibition-auditive', '', '', '', '', '', '', 1),
(15, 3, 15, 'épreuve de barrage', '{\"answers\":[12],\"solver_perf\":\"barrage\",\"solver_speed\":\"flexibilite\",\"solver_score\":\"barrage\"}', 'Sélectionnez tous les s, le plus vite possible.', 'Voici une grille de lettres. Sélectionnez tous les S que vous voyez, le plus vite possible. Appuez sur le bouton TERMINER lorsque vous aurez fini. N’oubliez pas d’aller le plus vite possible.', NULL, NULL, '2021-06-14 12:15:23', 'epreuve-de-barrage', '', '', '', '', '', '', 1),
(16, 5, 16, 'Mémoire épisodique Encodage', '{\"solver_perf\":\"genericString\",\"answers\":[\"marguerite\",\"lion\",\"rubis\",\"banane\",\"table\",\"jupe\",\"rouge\",\"peste\",\"carre\",\"laitue\"]}', 'Mémorisez cette série de mots.', 'Nous allons maintenant faire un exercice de mémoire. Lisez la liste de mots ci-dessous, et mémorisez-les car ils vous seront demandés plus tard.', NULL, NULL, '2021-06-14 12:15:23', 'memoire-episodique-encodage', '', '', '', '', '', '', 1),
(17, 5, 17, 'Mémoire épisodique immédiate', '{\"solver_speed\":\"flexibilite\",\"solver_perf\":\"episodique\",\"answers\":[\"marguerite\",\"lion\",\"rubis\",\"banane\",\"table\",\"jupe\",\"rouge\",\"peste\",\"carre\",\"laitue\"]}', 'Quels sont les 10 mots mémorisés?.', 'Rappelez les 10 mots que vous venez de voir à l’écran.', NULL, NULL, '2021-06-14 12:15:23', 'memoire-episodique-immediate', '', '', '', '', '', '', 1),
(18, 5, 18, 'Reconnaissance', '{\"solver_perf\":\"generic\",\"solver_speed\":\"generic\",\"answers\":[false,false,true,false,false,true,false,false,false,true,false,false]}', 'Ce mot fait-il parti des mots mémorisés?', 'Vous allez entendre différents mots. Pour chaque mot, appuyer sur O s’il fait parti des mots mémorisés tout à l’heure, répondez N s’il n’en fait pas parti.', NULL, NULL, '2021-06-14 12:15:23', 'reconnaissance', '', '', '', '', '', '', 1),
(19, 3, 19, 'Attention partagée (double tâche) (auditive)', '{\"solver_score\":\"boat\",\"solver_speed\":\"boat\",\"solver_perf\":\"boat\",\"answers\":null}', 'Combien de [A] entendez vous ? Appuyez sur le rond rouge.', 'Vous allez entendre une série de lettres,\n                A la fin, vous devrez préciser combien de fois y a-t-il la lettre [U] ?\n                De plus, lorsque vous verrez apparaitre le rond rouge, appuyez dessus.', NULL, NULL, '2021-06-14 12:15:23', 'attention-partagee-double-tache-auditive', '', '', '', '', '', '', 1),
(20, 3, 20, 'Flexibilité', '{\"solver_perf\":\"flexibilite\",\"solver_speed\":\"flexibilite\",\"solver_score\":\"flexibilite\",\"answers\":[\"B\",\"32\",\"C\",\"51\",\"E\",\"59\",\"L\",\"65\",\"S\",\"79\",\"V\",\"81\"]}', 'Alterner lettre et nombre du plus petit au plus grand.', 'Vous allez voir des mots et des nombres. Vous devez les relier en alternant un mot et un nombre, en suivant l’ordre alphabétique pour les mots et l’ordre numérique pour les nombres.\n                Puis mettre cette consigne avec la petite grille : Ceci est un exemple avec quelques lettres et nombres. Vous commencez par la lettre B, ensuite vous allez au nombre le plus petit 42, puis vous allez à la lettre qui suit en ordre alphabétique, puis au chiffre dans la liste qui vient après 42 en ordre numérique, et ainsi de suite.', NULL, NULL, '2021-06-14 12:15:23', 'flexibilite', '', '', '', '', '', '', 1),
(21, 3, 21, 'Attention partagée (double tâche) (VISUELLE)', '{\"solver_score\":\"boat\",\"solver_speed\":\"boat\",\"solver_perf\":\"boat\",\"answers\":[null]}', 'Comptez les O vus. Appuyez sur le bateau en l\'entendant', 'Vous allez voir une série de lettres,\n                A la fin, vous devrez préciser combien de fois y a-t-il la lettre [O] ?\n                De plus, lorsque vous entendrez le son d\'un bateau , appuyez sur le bateau.', NULL, NULL, '2021-06-14 12:15:23', 'attention-partagee-double-tache-visuelle', '', '', '', '', '', '', 1),
(22, 5, 22, 'Image mentale', '{\"solver_perf\":\"mentalImage\",\"answers\":[1,2,6]}', 'Quelles figures ne sont pas dans l\'image complète?', 'Parmi les figures de droite numérotées de 1 à 6, lesquelles n’entrent pas dans la composition de gauche ?', NULL, NULL, '2021-06-14 12:15:23', 'image-mentale', '', '', '', '', '', '', 1),
(23, 5, 23, 'Mémoire à long terme Rappel libre', '{\"solver_speed\":\"flexibilite\",\"solver_perf\":\"episodique\",\"answers\":[\"marguerite\",\"lion\",\"rubis\",\"banane\",\"table\",\"jupe\",\"rouge\",\"peste\",\"carre\",\"laitue\"]}', 'Quels sont les 10 mots mémorisés tout à l\'heure?', 'Maintenant, rappelez les 10 mots que vous avez mémorisé tout à l’heure, vous pouvez les donner dans le désordre.', NULL, NULL, '2021-06-14 12:15:23', 'memoire-a-long-terme-rappel-libre', '', '', '', '', '', '', 1),
(24, 5, 24, 'Mémoire à long terme Rappel indicé', '{\"solver_speed\":\"flexibilite\",\"solver_perf\":\"memoire\",\"answers\":[\"marguerite\",\"lion\",\"rubis\",\"banane\",\"table\",\"jupe\",\"rouge\",\"peste\",\"carre\",\"laitue\"]}', 'Vous en avez oublié, je vais vous donner un indice. ', 'Vous en avez oublié, je vais vous donner un indice pour les récupérer. ', NULL, NULL, '2021-06-14 12:15:23', 'memoire-a-long-terme-rappel-indice', '', '', '', '', '', '', 1),
(25, 5, 25, 'Mémoire de travail', '{\"solver_perf\":\"generic\",\"answers\":[82,64,689,613,9787,4315,65978,59232,751318,694982,4561531,3265978]}', 'Ecrivez les chiffres dans l\'ordre inverse où vous les voyez', 'Ecrivez les chiffres dans l’ordre inverse où vous les voyez apparaitre.', NULL, NULL, '2021-06-14 12:15:23', 'memoire-de-travail', '', '', '', '', '', '', 1),
(26, 3, 26, 'Notion de mesure de temps', '{\"solver_score\":\"mesureTemps\",\"solver_perf\":\"mesureTemps\",\"answers\":[3]}', 'Voici des exercices sur le temps.', 'Voici des exercices sur le temps, répondez à chaque question. ', NULL, NULL, '2021-06-14 12:15:23', 'notion-de-mesure-de-temps', '', '', '', '', '', '', 1),
(27, 3, 27, 'Notion de mesure de l’espace (perspective)', '{\"solver_perf\":\"perspective\",\"answers\":[1.8,2.7000000000000002,1.3,7,6.5999999999999996]}', 'Sachant que la largeur du meuble-tv est de 2 mètres.', 'Sachant que la largeur du meuble-tv est de 2 mètres.\n                Je vais vous demander de déduire d\'autres distances.', NULL, NULL, '2021-06-14 12:15:23', 'notion-de-mesure-de-lespace-perspective', '', '', '', '', '', '', 1),
(28, 3, 28, 'Calcul de mesure de temps', '{\"solver_perf\":\"genericString\",\"answers\":[\"13:00:00\",\"17:05:00\",\"37\",\"3\",\"01:10:07\"]}', 'Voici des exercices sur le temps, répondez à chaque question', 'Voici des exercices sur le temps, répondez à chaque question.»', NULL, NULL, '2021-06-14 12:15:23', 'calcul-de-mesure-de-temps', '', '', '', '', '', '', 1),
(29, 2, 29, 'Compréhension écrite', '{\"solver_perf\":\"genericString\",\"answers\":[\"oui\",\"non\",\"non\",\"il-na-pas-marque-le-stop\",\"garagiste\"]}', 'Répondez aux questions suivantes.', 'Voici un texte : lisez-le et répondez aux questions suivantes.', NULL, NULL, '2021-06-14 12:15:23', 'comprehension-ecrite', '', '', '', '', '', '', 1),
(30, 3, 30, 'Programmation', '{\"solver_perf\":\"programmation\",\"solver_speed\":\"flexibilite\",\"answers\":[[\"mettre-le-beurre-dans-une-casserole-et-le-faire-chauffer-sans-le-chocolat\",\"dans-un-saladier-mettre-le-sucre-et-la-farine-ensemble\",\"ajouter-les-oeufs-au-sucre-et-la-farine-puis-melanger\",\"une-fois-que-le-beurre-est-fondu-le-verser-dans-le-melange-sucre-oeufs\",\"mettre-le-chocolat-dans-la-meme-casserole-que-le-beurre-comme-ca-il-reste-du-beurre\",\"ajouter-un-petit-bout-de-beurre-dans-le-chocolat\",\"une-fois-que-le-chocolat-est-fondu-le-melanger-a-la-pate-et-melanger\",\"beurrer-un-moule-assez-grand-format-et-verser-la-pate-dedans\",\"faire-cuire-de-30-a-35-minutes\"],[\"dans-un-saladier-mettre-le-sucre-et-la-farine-ensemble\",\"mettre-le-beurre-dans-une-casserole-et-le-faire-chauffer-sans-le-chocolat\",\"ajouter-les-oeufs-au-sucre-et-la-farine-puis-melanger\",\"une-fois-que-le-beurre-est-fondu-le-verser-dans-le-melange-sucre-oeufs\",\"mettre-le-chocolat-dans-la-meme-casserole-que-le-beurre-comme-ca-il-reste-du-beurre\",\"ajouter-un-petit-bout-de-beurre-dans-le-chocolat\",\"une-fois-que-le-chocolat-est-fondu-le-melanger-a-la-pate-et-melanger\",\"beurrer-un-moule-assez-grand-format-et-verser-la-pate-dedans\",\"faire-cuire-de-30-a-35-minutes\"]]}', 'Remettez la recette dans l\'ordre', 'Voici une recette de gâteau au chocolat, en désordre. A vous de la remettre en ordre pour qu’elle soit cohérente', NULL, NULL, '2021-06-14 12:15:23', 'programmation', '', '', '', '', '', '', 1),
(31, 3, 31, 'Structuration mentale spatiale', '{\"solver_score\":\"structuration\",\"solver_speed\":\"flexibilite\",\"solver_perf\":\"no\",\"answers\":[null]}', 'Allez de A en B en passant par C.', 'Trouvez le chemin le plus rapide pour aller du point A au point B, en passant par le point C. Sachant que vous ne pouvez pas vous déplacer en diagonale, et que vous ne pouvez pas faire 3 fois le même mouvement (vous ne pouvez pas vous déplacer de 3 cases vers le bas, vers le haut, la droite ou la gauche…).', NULL, NULL, '2021-06-14 12:15:23', 'structuration-mentale-spatiale', '', '', '', '', '', '', 1),
(32, 3, 32, 'Inhibition (visuelle)', '{\"solver_perf\":\"genericString\",\"answers\":[\"arbre\",\"fleur\",\"\",\"fleur\",\"fleur\",\"arbre\",\"arbre\",\"\",\"arbre\",\"fleur\",\"fleur\",\"\",\"\",\"arbre\",\"arbre\",\"fleur\",\"arbre\",\"arbre\",\"fleur\"]}', 'Fleur, arbre ou fruit?', 'Vous allez voir une série de mots, certains sont des fleurs, d’autres desarbres, d’autres des fruit. Lorsque vous verrez un nom de fleur, appuyez sur le bouton fleur. Lorsque vous verrez un nom d’arbre, appuyez sur le bouton arbre. Lorsque vous verrez un nom d’un fruit, n’appuyez sur aucun bouton.', NULL, NULL, '2021-06-14 12:15:23', 'inhibition-visuelle', '', '', '', '', '', '', 1),
(33, 3, 33, 'Structuration – association', '{\"solver_perf\":\"association\",\"solver_speed\":\"flexibilite\",\"answers\":{\"boudin\":\"saucisse\",\"saucisse\":\"boudin\",\"tamis\":\"passoire\",\"passoire\":\"tamis\",\"liste\":\"serie\",\"serie\":\"liste\",\"baron\":\"marquis\",\"marquis\":\"baron\",\"tracas\":\"ennui\",\"ennui\":\"tracas\",\"lime\":\"ongle\",\"ongle\":\"lime\",\"page\":\"livre\",\"livre\":\"page\",\"piano\":\"violon\",\"violon\":\"piano\",\"manteau\":\"robe\",\"robe\":\"manteau\",\"peste\":\"rage\",\"rage\":\"peste\",\"peur\":\"courage\",\"courage\":\"peur\",\"boa\":\"python\",\"python\":\"boa\",\"rouge\":\"vert\",\"vert\":\"rouge\",\"rubis\":\"emeraude\",\"emeraude\":\"rubis\"}}', 'Reliez chaque mot \"bleu\" avec un mot \"rouge\"associé.', 'Reliez chaque mot de la colonne de gauche, avec un mot associé à la colonne de droite', NULL, NULL, '2021-06-14 12:15:23', 'structuration-association', '', '', '', '', '', '', 1),
(34, 3, 34, 'Structuration – sériation', '{\"solver_perf\":\"seriation\",\"solver_score\":\"seriation\",\"answers\":[[\"2\",\"3\",\"6\",\"7\",\"8\",\"9\"],[\"07\",\"11\",\"12\",\"14\",\"25\",\"32\",\"38\",\"56\",\"74\",\"89\",\"93\"],[\"microseconde\",\"milliseconde\",\"seconde\",\"minute\",\"heure\",\"jour\",\"semaine\",\"annee\"],[\"millimetres\",\"centimetres\",\"decimetres\",\"metres\",\"decametres\",\"hectometres\",\"kilometre\"]]}', 'Remettez la série dans l’ordre croissant ', 'Remettez dans l’ordre croissant (du plus petit au plus grand) les éléments de cette série', NULL, NULL, '2021-06-14 12:15:23', 'structuration-seriation', '', '', '', '', '', '', 1),
(35, 3, 35, 'Calcul', '{\"solver_perf\":\"generic\",\"solver_speed\":\"generic\",\"solver_score\":\"generic\",\"answers\":[\"11\",\"24\",\"15\",\"42\",\"24\",\"8\",\"63\",\"3\",\"12\",\"16\",\"17\",\"0\"]}', 'Combien font....', 'Voici des opérations numériques. Calculez et notez la réponse', NULL, NULL, '2021-06-14 12:15:23', 'calcul', '', '', '', '', '', '', 1),
(36, 3, 36, 'Raisonnement déductif', '{\"solver_perf\":\"genericString\",\"solver_speed\":\"generic\",\"solver_score\":\"generic\",\"answers\":[\"paul-est-gentil\",\"aucun-acteur-nest-timide\"]}', 'Déduisez la bonne réponse', 'Voici un exemple de raisonnement :\n                Tous les chiens ont quatre pattes\n                Le chihuahua est un chien\n                Donc……(faire apparaître en retard).. le chihuahua a quatre pattes\n                Maintenant c’est à vous : complétez ces raisonnements sur le même principe que cet exemple. ', NULL, NULL, '2021-06-14 12:15:23', 'raisonnement-deductif', '', '', '', '', '', '', 1),
(37, 3, 37, 'Raisonnement inductif', '{\"answers\":[4,4]}', 'Complétez la suite.', 'Voici des symboles qui se suivent selon une suite logique. Observez-les bien et trouvez quel symbole complète la suite ?', NULL, NULL, '2021-06-14 12:15:23', 'raisonnement-inductif', '', '', '', '', '', '', 1),
(38, 3, 38, 'Raisonnement abductif', '{\"solver_perf\":\"genericString\",\"answers\":[\"le-directeur-est-arrive\",\"quil-a-du-pleuvoir\",\"le-medicament-a-fait-effet\"]}', 'Déduisez la bonne réponse', 'Voici un exemple de raisonnement:\n                Tous les oiseaux ont des plumes\n                Le rossignol a des plumes\n                Donc …….(faire apparaitre en retard) le rossignol est un oiseau\n\n                A vous de compléter les raisonnements suivants selon la même logique, en sélectionnant la bonne réponse', NULL, NULL, '2021-06-14 12:15:23', 'raisonnement-abductif', '', '', '', '', '', '', 1),
(39, 2, 39, 'Stock lexical phonétique', '{\"solver_perf\":\"lexique\",\"solver_score\":\"lexique\",\"answers\":[null]}', 'Trouvez le nombre de mots demandés.', 'Trouvez le nombre de mots demandés, le plus rapidement possible.', NULL, NULL, '2021-06-14 12:15:23', 'stock-lexical-phonetique', '', '', '', '', '', '', 1),
(40, 2, 40, 'Expression-syntaxe', '{\"solver_perf\":\"syntax\",\"answers\":[[\"la chevre entendit un bruit de feuilles derriere elle\",\"derriere elle La chevre entendit un bruit de feuilles\",\"elle entendit derriere La chevre un bruit de feuilles\",\"derriere La chevre elle entendit un bruit de feuilles\",\"elle entendit un bruit de feuilles derriere la chevre\"],[\"elle se retourna et vit dans lombre deux oreilles courtes toutes droites avec deux yeux qui reluisaient\",\"elle se retourna et vit dans lombre deux oreilles toutes droites courtes avec deux yeux qui reluisaient\",\"elle vit dans lombre deux oreilles courtes toutes droites avec deux yeux qui reluisaient et se retourna\",\"elle vit dans lombre deux oreilles toutes droites courtes avec deux yeux qui reluisaient et se retourna\"],[\"c etait le loup\"]]}', 'Remettez les mots dans le bon ordre', 'Dans les phrases suivantes, des mots ou groupes de mots occupent une position syntaxique incorrecte. Remettez les mots dans l’ordre, éventuellement rétablissez la ponctuation au besoin.', NULL, NULL, '2021-06-14 12:15:23', 'expression-syntaxe', '', '', '', '', '', '', 1),
(41, 2, 41, 'Expression orale / sémantique', '{\"solver_perf\":\"genericString\",\"answers\":[\"sens-figure\",\"non-sens\",\"sens-propre\",\"sens-figure\",\"sens-figure\",\"non-sens\",\"sens-propre\"]}', 'Est-ce au sens propre, au sens figuré ou un non-sens?', 'Déterminer si ces phrases ont du sens, et si oui, sont-elles au sens figuré ou au sens propre. Le sens propre renvoie au sens concret.\n                Le sens figuré est plutôt un sens abstrait ou imagé.\n                Un non-sens est un propos dépourvu de sens', NULL, NULL, '2021-06-14 12:15:23', 'expression-orale-semantique', '', '', '', '', '', '', 1),
(42, 3, 42, 'Planification', '{\"solver_perf\":\"hanoi\",\"solver_score\":\"hanoi\",\"answers\":[7,15,31],\"solver_speed\":\"flexibilite\"}', 'Déplacez les disques de la tour 1 à la tour 3.', 'Essayez de déplacer tous les disques de la tour 1 à la tour 3. Vous ne pouvez pas déplacer plus d\'un disque à la fois. Vous ne pouvez placer un disque que sur un autre disque plus grand que lui ou sur un emplacement vide.', NULL, NULL, '2021-07-20 13:37:24', 'planification', '', '', '', '', '', '', 1),
(43, 3, 11, 'Combinaisons', '', '', '', NULL, NULL, '2021-07-20 13:37:24', 'combinaison', 'Disposez les éléments dans des ordres différents. Vous devez utiliser les 3 éléments, et vous ne pouvez les utiliser qu\'une fois chacun. A chaque fois, l\'ordre doit être différent.', 'Cette activité permet au quotidien de favoriser la manipulation mentale utile dans la réorganisation de données connues, et organiser au mieux vos tâches à réaliser.\n\nExemple :\n- Retrouver le bon ordre du cadenas à code.\n- Réaliser dans l’ordre sa liste de commissions au supermarché.', '206-icon.svg', '206-bg.svg', '206-fg.svg', '', 9),
(44, 3, 13, 'Repérage de formes', '', '', '', NULL, NULL, '2021-07-20 13:37:24', 'reperage-de-formes', 'Vous allez voir un ensemble de formes. Comptez les formes similaires.', 'Cette activité permet au quotidien de renforcer sa capacité attentionnelle visuelle, afin d\'appréhender au mieux son environnement visuel.\n\nExemple :\n- Repérer quelqu\'un dans une foule.\n- Retrouver un objet ou une pièce perdue.', '210-icon.svg', '210-bg.svg', '210-fg.svg', '', 9),
(45, 3, 22, 'A l\'endroit', '', '', '', NULL, NULL, '2021-07-20 13:37:24', 'empan-mnesique', 'Vous entendez une série de lettres et/ou de chiffres. Ecrivez-la.', 'Cette activité permet au quotidien de favoriser la capacité à se rappeler sur un versant auditif.\n\nExemple :\n- Se rappeler d\'un numéro de téléphone ou d\'une liste de commissions de petite taille.\n- Se rappeler des rendez-vous de sa journée (kiné, coiffeur, visite de la famille, …).', '201-icon.svg', '201-bg.svg', '201-fg.svg', '', 10),
(46, 5, 22, 'A l\'envers', '', '', '', NULL, NULL, '2021-07-20 13:37:24', 'empan-mnesique-envers', 'Vous entendez une série de lettres et/ou de chiffres. Ecrivez-la à l\'envers.', 'Cette activité permet au quotidien de mieux visualiser et se représenter mentalement.\n\nExemple :\n- Utile dans l\'organisation de tâches que l\'on doit faire\n- Cette fonction facilite la mise en mémoire des informations.', '202-icon.svg', '202-bg.svg', '202-fg.svg', '', 10),
(47, 3, 13, 'Nombres à 3 chiffres', '', '', '', NULL, NULL, '2021-07-20 13:37:24', 'les-nombres-a-3-chiffes', 'Sélectionnez les cases répondant aux critères précisés dans la consigne qui va suivre.', 'Cette activité permet au quotidien de favoriser le repérage d\'éléments visuels et de les comprendre dans leur contexte.\n\nExemple :\n- Repérer un panneau routier dans un carrefour parmi les différentes publicités et saisir son sens.\n- Retrouver le bon repère, le bon panneau d’affichage permettant de s’orienter dans l’établissement.\n- Repérer le menu du jour parmi plusieurs affichages différents.', '203-icon.svg', '203-bg.svg', '203-fg.svg', '', 10),
(48, 3, 35, 'Opérations (calcul simple)', '', '', '', NULL, NULL, '2021-07-20 13:37:24', 'les-operations-calcul-simple', 'Résolvez l\'opération.', 'Cette activité permet au quotidien de faciliter votre calcul mental, utile par exemple dans tous les échanges pécuniers quotidiens.\n\nExemple :\n- Comptabiliser le coût total de petites courses, vérifier la monnaie rendue.\n- Très pratique pour comptabiliser les points des différents jeux de société (scrabble, tarot, belote…).', '204-icon.svg', '204-bg.svg', '203-fg.svg', '', 11),
(49, 3, 10, 'Sons du texte', '', '', '', NULL, NULL, '2021-07-20 13:37:24', 'les-sons-du-texte', 'Vous allez entendre un texte. Écoutez-le attentivement afin de repérer le son demandé dans la consigne.', 'Cette activité permet au quotidien de favoriser votre capacité attentionnelle auditive.\n\nExemple :\n- Afin de pouvoir suivre de manière assidue une conversation (notamment à plusieurs interlocuteurs).\n- Appréhender au mieux votre environnement par exemple lorsque vous vous promenez (détection de risque ...).', '205-icon.svg', '205-bg.svg', '205-fg.svg', '', 8),
(50, 3, 30, 'Anagramme', '', '', '', NULL, NULL, '2021-07-20 13:37:24', 'anagrame', 'En utilisant les lettres proposées, trouvez des mots de la longueur demandée.\nVous pouvez utiliser plusieurs fois la même lettre.', 'Cette activité permet au quotidien de faciliter le maintien de son stock lexical et de manipuler différents mots, pratique au quotidien pour tous types de conversation.\n\nExemple:\n- Cette activité améliore votre vitesse de réflexion et votre élocution lors de discussions.\n- Cette activité fera de vous le champion du scrabble !', '213-icon.svg', '213-bg.svg', '213-fg.svg', '', 10),
(51, 2, 39, 'Place des lettres', '', '', '', NULL, NULL, '2021-07-20 13:37:24', 'la-place-des-lettres', 'Trouvez des mots avec la lettre à la bonne place.\n\nVous ne pouvez pas utiliser deux fois le même mot, ni utiliser les noms propres.', 'Cette activité permet au quotidien de favoriser la recherche orthographique de mots.\nUtile notamment afin de préserver son stock lexical.\n\nExemple:\n- Trouver le bon mot que l\'on souhaite exprimer dans une discussion.\n- Cette fonction facilite vos compétences dans les différents jeux que peuvent être Motus, les mots croisés...', '212-icon.svg', '212-bg.svg', '212-fg.svg', '', 10),
(52, 2, 39, 'Série de mots', '', '', '', NULL, NULL, '2021-07-20 13:37:24', 'la-serie-de-mots-sans-but', 'A partir du dernier mot saisi, recréer un nouveau mot, soit en changeant l’ordre des lettres, soit en remplaçant une seule lettre, soit les deux.\n\nIl est interdit d\'utiliser deux fois le même mot. ', 'Cette activité permet au quotidien de faciliter le maintien de son stock lexical et de manipuler différents mots,pratique au quotidien pour tous types de conversation.\n\nExemple:\n- Cette activité améliore votre vitesse de réflexion et votre élocution lors de discussions.\n- Cette activité vous permet d’être le champion du MOTUS !', '215-icon.svg', '215-bg.svg', '215-fg.svg', '', 10),
(53, 2, 39, 'Milieu des mots', '', '', '', NULL, NULL, '2021-07-20 13:37:24', 'le-milieu-des-mots', 'Complétez le milieu du mot.\n\nLe nombre de lettres est illimité.', 'Cette activité permet au quotidien de favoriser la recherche phonétique et orthographique des mots.\n\nExemple:\n- Permet d\'éviter le \"trou\" ou le \"manque de mot\" dans une discussion.\n- Facilite l’utilisation du bon mot dans une conversation. ', '217-icon.svg', '217-bg.svg', '217-fg.svg', '', 9),
(54, 3, 10, 'Mots répétés', '', '', '', NULL, NULL, '2021-07-20 13:37:24', 'reperez-les-mots-repetes-chiffres-lettres-mots', 'Vous entendez une série de mots. Un mot est répété. Lequel et combien de fois l\'entendez-vous ?', 'Cette activité permet au quotidien de favoriser votre capacité attentionnelle auditive.\n\nExemple :\n- Utile afin de pouvoir suivre une conversation en milieu bruyant\n-Opportun lors d’un appel (réunion) ou d’une interpellation par un ami dans un environnement sonore.', '219-icon.svg', '219-bg.svg', '219-fg.svg', '', 10),
(55, 3, 13, 'Espion 1', '', '', '', NULL, NULL, '2021-07-20 13:37:24', 'lespion-1', 'Vous allez voir une séquence de symboles sur un temps imparti. Mémorisez-la, puis reproduisez-la.', 'Cette activité permet au quotidien de favoriser la mémorisation de données visuelles.\n\nExemple :\n- Visualiser le contenu de son chariot de commissions pour vérifier que l’on a tout.\n- Disposer et vérifier les pièces lors du montage d’un meuble suédois.', '207-icon.svg', '207-bg.svg', '207-fg.svg', '', 10),
(56, 3, 13, 'Espion 2', '', '', '', NULL, NULL, '2021-07-20 13:37:24', 'lespion-11', 'Vous allez voir une séquence de symboles sur un temps imparti. Mémorisez-la, puis reproduisez-la.', 'Cette activité permet au quotidien de favoriser la mémorisation de données visuelles.\n\nExemple :\n- Visualiser le contenu de son chariot de commissions pour vérifier que l’on a tout.\n- Disposer et vérifier les pièces lors du montage d’un meuble suédois.', '208-icon.svg', '208-bg.svg', '203-fg.svg', '', 10),
(57, 3, 5, 'Bonne forme', '', '', '', NULL, NULL, '2021-07-20 13:37:24', 'la-bonne-forme', 'Trouvez la/les bonnes formes demandées.', 'Cette activité permet au quotidien de favoriser le repérage d\'éléments visuels et de les comprendre dans leur contexte.\n\nExemple :\n- Repérer un panneau routier dans un carrefour parmi les différentes publicités et saisir son sens .\n- Retrouver les bons repères en établissement (wc, infirmerie, chambre, étage…).', '209-icon.svg', '209-bg.svg', '209-fg.svg', '', 8),
(58, 3, 31, 'Tourne image', '', '', '', NULL, NULL, '2021-07-20 13:37:24', 'tourne-image', 'Vous allez voir une image qui va tourner. Quelle est sa position finale ?', 'Cette activité permet au quotidien de favoriser votre représentation spatiale et la manipulation mentale.\n\nExemple :\n- Utile lorsque vous appréhendez des panneaux routiers tout en utilisant votre GPS.\n- Opportun pour arriver à lire plus facilement  le plan d’un nouveau lieu (établissement, hôtel,...).', '211-icon.svg', '211-bg.svg', '211-fg.svg', '', 9),
(59, 3, 5, 'Codage et décodage', '', '', '', NULL, NULL, '2021-07-20 13:37:24', 'codage-et-decodage', 'Remplacer les lettres de mots par les chiffres correspondants. Quel est alors le \'code\' du mot ?', 'Cette activité permet au quotidien de favoriser la mise en place d\'une réponse associée et la mémorisation dans l\'élaboration d\'une stratégie. Ainsi que la capacité de passer d\'une tâche à l\'autre aisément.\n\nExemple :\n- Utilisé de tout temps pour passer des messages secrets.\n- Cette fonction facilite la mise en mémoire et le traitement de l’information.', '214-icon.svg', '214-bg.svg', '214-fg.svg', '', 10),
(60, 3, 25, 'Couples de mots', '', '', '', NULL, NULL, '2021-07-20 13:37:24', 'les-couples-de-mots-a-reorganiser', 'Disposez les 4 syllabes dans le bon ordre pour recréer 2 mots français corrects.\n\nLes mots pluriels sont refusés, sauf s’ils existent uniquement au pluriel.', 'Cette activité permet au quotidien de faciliter le maintien de son stock lexical et de manipuler différents mots.\n\nPratique au quotidien pour tout type de conversation.\n\nExemple:\n- Cette activité améliore votre vitesse de réflexion et votre élocution lors de discussions.\n- Cette activité facilite la « gymnastique » cérébrale.', '218-icon.svg', '218-bg.svg', '218-fg.svg', '', 10),
(61, 3, 1, 'Jeu du dé', '', '', '', NULL, NULL, '2021-07-20 13:37:24', 'le-jeu-du-de', 'Vous allez voir un dé qui va être pivoté.\nRépondez selon les critères demandés dans la consigne.\n\nAstuce:\n- Le Dé est un cube composé de 6 faces numérotées de 1 à 6.\n- La somme des faces opposées est toujours égale à 7 .', 'Cette activité permet au quotidien de favoriser votre représentation spatiale et la manipulation mentale.\n\nExemple :\n- Utile lorsque vous appréhendez des panneaux routiers tout en utilisant votre GPS.\n- Opportun pour arriver à plus facilement lire le plan d’un nouveau lieu (établissement, hôtel,...)', '216-icon.svg', '216-bg.svg', '216-fg.svg', '', 10);

--
-- Déchargement des données de la table `game_theme`
--

INSERT INTO `game_theme` (`id`, `game_id`, `theme_id`, `created_at`, `updated_at`) VALUES
(1, 50, 2, NULL, NULL),
(2, 50, 3, NULL, NULL),
(3, 50, 5, NULL, NULL),
(4, 59, 3, NULL, NULL),
(5, 59, 5, NULL, NULL),
(6, 43, 3, NULL, NULL),
(7, 45, 3, NULL, NULL),
(8, 45, 5, NULL, NULL),
(9, 46, 3, NULL, NULL),
(10, 46, 5, NULL, NULL),
(11, 55, 3, NULL, NULL),
(12, 55, 5, NULL, NULL),
(13, 56, 3, NULL, NULL),
(14, 56, 5, NULL, NULL),
(15, 57, 1, NULL, NULL),
(16, 57, 2, NULL, NULL),
(17, 57, 3, NULL, NULL),
(18, 51, 2, NULL, NULL),
(19, 51, 3, NULL, NULL),
(20, 52, 2, NULL, NULL),
(21, 52, 3, NULL, NULL),
(22, 52, 5, NULL, NULL),
(23, 61, 3, NULL, NULL),
(24, 61, 4, NULL, NULL),
(25, 61, 5, NULL, NULL),
(26, 53, 2, NULL, NULL),
(27, 53, 3, NULL, NULL),
(28, 60, 2, NULL, NULL),
(29, 60, 3, NULL, NULL),
(30, 60, 5, NULL, NULL),
(31, 47, 3, NULL, NULL),
(32, 47, 5, NULL, NULL),
(33, 48, 3, NULL, NULL),
(34, 48, 5, NULL, NULL),
(35, 49, 3, NULL, NULL),
(36, 49, 5, NULL, NULL),
(37, 44, 1, NULL, NULL),
(38, 44, 2, NULL, NULL),
(39, 44, 3, NULL, NULL),
(40, 54, 3, NULL, NULL),
(41, 54, 5, NULL, NULL),
(42, 58, 3, NULL, NULL),
(43, 58, 4, NULL, NULL),
(44, 58, 5, NULL, NULL);

--
-- Déchargement des données de la table `labels`
--

INSERT INTO `labels` (`id`, `description`, `created_at`, `updated_at`, `deleted_at`) VALUES
(1, 'Ceci est l\'introduction au profil cognitif', '2021-06-14 12:15:16', '2021-06-14 12:15:16', NULL);

--
-- Déchargement des données de la table `levels`
--

INSERT INTO `levels` (`id`, `value`, `created_at`, `updated_at`) VALUES
(1, 1, NULL, NULL),
(2, 2, NULL, NULL),
(3, 3, NULL, NULL),
(4, 4, NULL, NULL),
(5, 5, NULL, NULL),
(6, 6, NULL, NULL),
(7, 7, NULL, NULL),
(8, 8, NULL, NULL),
(9, 9, NULL, NULL),
(10, 10, NULL, NULL);

--
-- Déchargement des données de la table `migrations`
--

INSERT INTO `migrations` (`id`, `migration`, `batch`) VALUES
(1, '2013_04_09_062329_create_revisions_table', 1),
(2, '2014_10_12_000000_create_users_table', 1),
(3, '2014_10_12_100000_create_password_resets_table', 1),
(4, '2016_06_01_000001_create_oauth_auth_codes_table', 1),
(5, '2016_06_01_000002_create_oauth_access_tokens_table', 1),
(6, '2016_06_01_000003_create_oauth_refresh_tokens_table', 1),
(7, '2016_06_01_000004_create_oauth_clients_table', 1),
(8, '2016_06_01_000005_create_oauth_personal_access_clients_table', 1),
(9, '2017_07_06_000000_create_table_magic_links', 1),
(10, '2019_05_21_100205_create_posts_table', 1),
(11, '2019_05_22_125944_create_post_category_table', 1),
(12, '2019_05_24_094634_create_category_table', 1),
(13, '2019_08_19_000000_create_failed_jobs_table', 1),
(14, '2019_11_19_000000_update_social_provider_users_table', 1),
(15, '2020_03_15_074848_create_cognitive_function_table', 1),
(16, '2020_03_16_102901_create_contact_user_table', 1),
(17, '2020_03_16_104030_create_consents_table', 1),
(18, '2020_03_16_104229_create_consent_user_table', 1),
(19, '2020_03_16_104557_create_invitations_table', 1),
(20, '2020_03_16_105050_create_profiles_table', 1),
(21, '2020_03_16_105805_create_reports_table', 1),
(22, '2020_03_16_111549_create_event_types_table', 1),
(23, '2020_03_16_111818_create_events_table', 1),
(24, '2020_03_16_125431_create_themes_table', 1),
(25, '2020_03_16_130211_create_games_table', 1),
(26, '2020_03_16_130409_create_feedbacks_table', 1),
(27, '2020_03_17_073718_create_sessions_table', 1),
(28, '2020_03_17_073822_create_session_user_table', 1),
(29, '2020_03_17_074806_create_game_session_table', 1),
(30, '2020_03_17_084117_create_normalizations_table', 1),
(31, '2020_03_17_093010_create_options_table', 1),
(32, '2020_03_17_104940_create_departements_table', 1),
(33, '2020_03_17_120126_create_permission_tables', 1),
(34, '2020_04_03_075858_create_notifications_table', 1),
(35, '2020_04_03_153544_create_media_table', 1),
(36, '2020_04_09_105005_install_passport', 1),
(37, '2020_04_15_093118_creates_labels_table', 1),
(38, '2020_04_15_094524_creates_labelable_table', 1),
(39, '2020_04_21_104430_create_device_tokens_table', 1),
(40, '2020_04_22_081122_seed_label_table', 1),
(41, '2020_04_28_085532_seed_event_types_table', 1),
(42, '2020_05_20_121621_add_slug_to_games_table', 1),
(43, '2020_06_03_081446_create_cnrs_quiz_table', 1),
(44, '2020_06_11_075710_add_check_cnrs_to_profiles_table', 1),
(45, '2020_06_26_092806_remove_foreign_keys', 1),
(46, '2020_06_26_092807_add_cascade_to_foreign_keys', 1),
(47, '2020_07_02_132644_add_normalization_to_users_table', 1),
(48, '2020_07_07_093556_rename_data_column', 1),
(49, '2020_07_07_110834_update_event_types_table', 1),
(50, '2020_07_09_070036_create_scores_table', 1),
(51, '2020_07_09_070646_add_data_to_normalizations_table', 1),
(52, '2020_07_15_091057_add_session_type_to_events_table', 1),
(53, '2020_08_10_081612_add_radar_to_users_table', 1),
(54, '2020_08_10_125038_add_username_to_users_table', 1),
(55, '2020_08_26_132205_create_json_folders', 1),
(56, '2020_10_23_082304_add_skip_event', 1),
(57, '2020_11_23_101140_create_levels_table', 1),
(58, '2020_11_23_102035_create_level_user_table', 1),
(59, '2020_11_23_110140_seed_levels', 1),
(60, '2020_12_04_082750_add_session_end_to_scores_table', 1),
(61, '2020_12_21_111931_update_radar_on_users_table', 1),
(62, '2020_12_22_090748_add_title_to_feedbacks_table', 1),
(63, '2020_12_22_090839_update_feedbacks', 1),
(64, '2021_01_11_110853_update_sessions', 1),
(65, '2021_01_25_095648_add_fields_to_games_table', 1),
(66, '2021_01_25_110212_create_game_theme_table', 1),
(67, '2021_01_25_110241_create_cognitive_function_game_table', 1),
(68, '2021_02_25_161853_add_report_to_users_table', 1),
(69, '2021_03_03_101148_create_user_results_table', 1),
(70, '2021_03_06_211907_add_access_code_to_magic_links_table', 1),
(71, '2021_03_15_105330_create_attachments_table', 1),
(72, '2021_03_15_140333_add_fields_to_user_results_table', 1),
(73, '2021_03_15_152021_add_session_user_uuid_to_scores_table', 1),
(74, '2021_03_16_110502_create_notifications_inapp_table', 1),
(75, '2021_03_16_121423_create_notification_type_table', 1),
(76, '2021_03_16_123940_seed_notification-types', 1),
(77, '2021_03_25_132917_create_histories_table', 1),
(78, '2021_05_03_101840_create_session_user_results_table', 1),
(79, '2021_05_10_072912_create_etablissements_table', 1),
(80, '2021_05_10_095712_create_etablissement_users_table', 1),
(81, '2021_05_11_085252_create_user_user_table', 1),
(82, '2021_05_18_113106_update_passport', 1),
(83, '2021_05_19_133552_add_alias_to_invitation_table', 1),
(84, '2021_05_25_142348_create_audits_table', 1),
(85, '2021_05_26_134030_create_fragments_table', 1),
(86, '2021_05_26_134030_create_groups_table', 1),
(87, '2021_05_26_134030_create_sections_table', 1),
(88, '2021_05_27_113301_add_training_description_to_themes_table', 1),
(89, '2021_06_04_062828_cerate_subscriptions_table', 1),
(90, '2222_03_19_120546_insert_data', 1),
(91, '2222_03_20_082519_update_games_table', 1),
(92, '2222_05_03_065000_update_constents_table', 1),
(93, '2223_02_02_113102_seed_exercice_session', 1),
(94, '2223_03_12_090825_update_levels_table', 1),
(95, '2223_05_12_074947_seed_evaluated_users', 1),
(96, '2223_07_15_085022_change_type_in_sessions_table', 1),
(97, '2233_06_25_084440_update_games_notifications_staging', 1),
(98, '2233_07_27_1000344_slugify_games', 1),
(99, '2234_08_25_074118_update_games', 1),
(100, '2235_10_14_122438_update_notification', 1),
(101, '2235_12_15_093151_update_game_table', 1),
(102, '2235_12_16_123245_games_update', 1),
(103, '2236_14_27_091129_update_game_43_fg', 1),
(104, '2236_14_27_091129_update_game_59_bg', 1),
(105, '2333_02_12_082118_update_games_themes', 1),
(106, '2333_05_27_131917_fix_anagrames_wording', 1),
(107, '2334_04_21_124837_change_field_score_in_scores', 1),
(108, '2334_04_21_124940_update_game_data', 1),
(109, '2335_04_28_124144_add_session_type_to_user_results_table', 1),
(110, '2335_04_29_100008_add_fields_to_notification', 1),
(111, '2335_05_03_095835_rename_user_results', 1),
(112, '2354_05_04_082919_update_sessions_fields', 1),
(113, '2355_05_05_100535_add_sessions', 1),
(114, '3333_05_18_102604_update_notifications_table', 1),
(115, '3333_05_19_091016_add_new_notifications', 1),
(116, '3333_05_25_162737_add_rpps_field_to_profiles_table', 1),
(117, '3333_06_09_083139_update_wording_games', 1),
(118, '2021_06_18_081712_change_score_type', 2),
(119, '2021_06_22_120242_add_nolevels_to_games_table', 2),
(120, '2021_06_24_115451_add_level_to_game_session_table', 2),
(121, '2021_06_30_125931_add_thematique_to_sessions', 2),
(122, '2021_07_01_080220_add_faq_to_notifications_table', 2),
(123, '2021_07_01_200613_create_training_user_table', 2),
(124, '2021_07_02_095731_change_hanoi_speed_solver', 2),
(125, '2021_07_05_132506_change_audits_values_type', 2);

--
-- Déchargement des données de la table `model_has_roles`
--

INSERT INTO `model_has_roles` (`role_id`, `model_type`, `model_id`) VALUES
(1, 'Simplon\\Exostim\\Models\\User', 1);

--
-- Déchargement des données de la table `notifications`
--

INSERT INTO `notifications` (`id`, `name`, `slug`, `event`, `content`, `variables`, `created_at`, `updated_at`, `title`, `action_url`, `action_title`, `via`) VALUES
(1, 'Invitation recue (référent)', 'new-invite-bene-to-ref', 'invitation-notification', '<h3>Bonjour Mme Mr</h3><p>{invited_by} vous invite à devenir son référent exostim<br> Pour accepter sa demande, veuillez cliquer <a href=\"{invitation_code}\">ici</a></p><p>Toute notre équipe se tient à votre disposition pour vous accompagner.\nMerci de votre confiance.</p>', '{\"invited_by\":\"Nom de la personne qui invite\",\"invitation_code\":\"Url du lien d\'invitation\"}', NULL, '2021-06-14 12:15:24', NULL, NULL, NULL, 'mail'),
(2, 'Invitation acceptée', 'invitation-accepted', 'invitation-accepted-notification', '<h3> Votre invitation a été acceptée par {recipient_email} </h3>', '{\"recipient.email\":\"Email du destinataire de l\'invitation\"}', NULL, NULL, NULL, NULL, NULL, 'mail'),
(3, 'Invitation refusée', 'invitation-refused', 'invitation-refused-notification', '<h3>Votre invitation a été refusée par {recipient_fullname} </h3>', '{\"recipient.fullname\":\"Nom du destinataire de l\'invitation\"}', NULL, NULL, NULL, NULL, NULL, 'mail'),
(4, 'Ajout d\'utilisateur', 'user-added', 'user-added', '<p>Vous avez été invté sur exostim, <a href=\"{password_link}\" >créez votre mot de passe</a></p>', '{\"password_link\":\"Url du lien de cr\\u00e9ation du mot de passe\"}', NULL, NULL, NULL, NULL, NULL, 'mail'),
(5, 'Confirmation d\'inscription', 'register-confirmation', 'confirmation-inscription', '<h3>Cher(re) {recipient_fullname}</h3><p>Nous vous confirmons votre inscription et vous souhaitons la bienvenue sur ExoStim.</p>\n<p>Toute notre équipe se tient à votre disposition pour vous accompagner dans votre démarche.</p>\n<p>Vous trouverez toutes les réponses à vos questions dans la rubrique : mon compte > aide.</p>\n<p>Merci de votre confiance et bonne évaluation,</p> <p>L\'équipe ExoStim</p>', '{\"recipient.fullname\":\"Nom du destinataire\"}', NULL, NULL, NULL, NULL, NULL, 'mail'),
(6, 'Invitation recue (contact)', 'new-invite-bene-to-bene', 'invitation-notification', '<h3>Bonjour Mme Mr</h3><p>{invited_by} vous invite à devenir son contact exostim<br> Pour accepter sa demande, veuillez cliquer <a href=\"{invitation_code}\">ici</a></p><p>Toute notre équipe se tient à votre disposition pour vous accompagner.\nMerci de votre confiance.</p>', '{\"invited_by\":\"Nom de la personne qui invite\",\"invitation_code\":\"Url du lien d\'invitation\"}', NULL, NULL, NULL, NULL, NULL, 'mail'),
(7, 'Invitation recue (bénéficiaire)', 'new-invite-ref-to-bene', 'invitation-notification', '<h3>Bonjour Mme Mr</h3><p>{invited_by} vous invite à devenir son bénéficiaire exostim<br> Pour accepter sa demande, veuillez cliquer <a href=\"{invitation_code}\">ici</a></p><p>Toute notre équipe se tient à votre disposition pour vous accompagner.\nMerci de votre confiance.</p>', '{\"invited_by\":\"Nom de la personne qui invite\",\"invitation_code\":\"Url du lien d\'invitation\"}', NULL, NULL, NULL, NULL, NULL, 'mail'),
(8, 'Nom d\'utilisateur oublié', 'forgot-alias', 'forgot-alias', '<h3>Bonjour Mme Mr</h3><p>Voici les alias associés à votre adresse email</p> <p>{user.aliases}</p>', '{\"user.aliases\":\"aliases du compte\"}', NULL, NULL, NULL, NULL, NULL, 'mail'),
(9, '', 'fetch', 'notification-inapp-created', NULL, '{\"fetch\":true}', NULL, NULL, NULL, NULL, NULL, 'fcm'),
(10, 'Inactif 30 jours', 'inactive-30-days', 'inactive-30-days', 'Savez-vous qu’un entraînement régulier et adapté contribue à parfaire les performances cognitives et à renforcer l’estime de soi ? Faites un tour sur notre application pour vous stimuler !', NULL, NULL, NULL, 'Où êtes-vous passé ?!', NULL, NULL, 'fcm'),
(11, 'Inactif 90 jours', 'inactive-90-days', 'inactive-90-days', 'Rendez-vous sur l’application ExoStim pour une stimulation cognitive sur mesure !', NULL, NULL, NULL, 'Vous nous manquez...', NULL, NULL, 'fcm'),
(12, 'Faq', 'faq', 'faq', '<h3>Nouvelle notification faq de {email}</h3><p>{content}</p>', '{\"email\":\"Email d\'origine de la demande\",\"content\":\"contenu\"}', NULL, NULL, NULL, NULL, NULL, 'mail');

--
-- Déchargement des données de la table `notification_type`
--

INSERT INTO `notification_type` (`id`, `type`, `created_at`, `updated_at`) VALUES
(1, 'contact', NULL, NULL),
(2, 'agenda', NULL, NULL),
(3, 'battle', NULL, NULL);

--
-- Déchargement des données de la table `oauth_personal_access_clients`
--

INSERT INTO `oauth_personal_access_clients` (`id`, `client_id`, `created_at`, `updated_at`) VALUES
(1, 1, '2021-06-14 12:15:16', '2021-06-14 12:15:16');

--
-- Déchargement des données de la table `permissions`
--

INSERT INTO `permissions` (`id`, `name`, `guard_name`, `created_at`, `updated_at`) VALUES
(1, 'user.*.see', 'backpack', '2021-06-14 12:15:21', '2021-06-14 12:15:21'),
(2, 'user.*.edit', 'backpack', '2021-06-14 12:15:21', '2021-06-14 12:15:21'),
(3, 'user.*.delete', 'backpack', '2021-06-14 12:15:21', '2021-06-14 12:15:21'),
(4, 'users.manage', 'backpack', '2021-06-14 12:15:21', '2021-06-14 12:15:21'),
(5, 'users.create', 'backpack', '2021-06-14 12:15:21', '2021-06-14 12:15:21'),
(6, 'user.*.see.medical-data', 'backpack', '2021-06-14 12:15:21', '2021-06-14 12:15:21'),
(7, 'user.*.see.personal-data', 'backpack', '2021-06-14 12:15:21', '2021-06-14 12:15:21'),
(8, 'beneficiaries.manage', 'backpack', '2021-06-14 12:15:21', '2021-06-14 12:15:21'),
(9, 'beneficiaries.manage', 'api', '2021-06-14 12:15:21', '2021-06-14 12:15:21'),
(10, 'beneficiaries.create', 'backpack', '2021-06-14 12:15:21', '2021-06-14 12:15:21'),
(11, 'beneficiaries.create', 'api', '2021-06-14 12:15:21', '2021-06-14 12:15:21'),
(12, 'referents.manage', 'backpack', '2021-06-14 12:15:21', '2021-06-14 12:15:21'),
(13, 'referents.manage', 'api', '2021-06-14 12:15:21', '2021-06-14 12:15:21'),
(14, 'referents.create', 'backpack', '2021-06-14 12:15:21', '2021-06-14 12:15:21'),
(15, 'referents.create', 'api', '2021-06-14 12:15:21', '2021-06-14 12:15:21'),
(16, 'logs.see', 'backpack', '2021-06-14 12:15:21', '2021-06-14 12:15:21'),
(17, 'roles.manage', 'backpack', '2021-06-14 12:15:21', '2021-06-14 12:15:21'),
(18, 'permissions.manage', 'backpack', '2021-06-14 12:15:21', '2021-06-14 12:15:21'),
(19, 'notifications.manage', 'backpack', '2021-06-14 12:15:21', '2021-06-14 12:15:21'),
(20, 'news.manage', 'backpack', '2021-06-14 12:15:21', '2021-06-14 12:15:21'),
(21, 'content.manage', 'backpack', '2021-06-14 12:15:21', '2021-06-14 12:15:21'),
(22, 'trainings.list', 'backpack', '2021-06-14 12:15:21', '2021-06-14 12:15:21'),
(23, 'trainings.create', 'backpack', '2021-06-14 12:15:21', '2021-06-14 12:15:21'),
(24, 'training.*.see', 'backpack', '2021-06-14 12:15:21', '2021-06-14 12:15:21'),
(25, 'training.*.edit', 'backpack', '2021-06-14 12:15:21', '2021-06-14 12:15:21'),
(26, 'training.*.assign', 'backpack', '2021-06-14 12:15:21', '2021-06-14 12:15:21'),
(27, 'training.*.delete', 'backpack', '2021-06-14 12:15:21', '2021-06-14 12:15:21'),
(28, 'etablissements.list', 'backpack', '2021-06-14 12:15:21', '2021-06-14 12:15:21'),
(29, 'etablissements.create', 'backpack', '2021-06-14 12:15:21', '2021-06-14 12:15:21'),
(30, 'etablissements.delete', 'backpack', '2021-06-14 12:15:21', '2021-06-14 12:15:21'),
(31, 'etablissement.*.see', 'backpack', '2021-06-14 12:15:21', '2021-06-14 12:15:21'),
(32, 'etablissement.*.update', 'backpack', '2021-06-14 12:15:21', '2021-06-14 12:15:21'),
(33, 'app.home.widget.hide', 'backpack', '2021-06-14 12:15:21', '2021-06-14 12:15:21');

--
-- Déchargement des données de la table `profiles`
--

INSERT INTO `profiles` (`id`, `user_id`, `first_name`, `last_name`, `birthday`, `department`, `gender`, `source`, `created_at`, `updated_at`, `quizz_completed`, `rpps`) VALUES
(1, 1, 'Admin', 'Exostim', '1969-12-22', 'Dordogne', 'Mme.', '', '2021-06-14 12:15:22', '2021-06-14 12:15:22', '0', NULL);

--
-- Déchargement des données de la table `roles`
--

INSERT INTO `roles` (`id`, `name`, `guard_name`, `created_at`, `updated_at`) VALUES
(1, 'admin', 'backpack', '2021-06-14 12:15:20', '2021-06-14 12:15:20'),
(2, 'manager', 'backpack', '2021-06-14 12:15:20', '2021-06-14 12:15:20'),
(3, 'cnrs', 'backpack', '2021-06-14 12:15:20', '2021-06-14 12:15:20'),
(4, 'referent', 'backpack', '2021-06-14 12:15:20', '2021-06-14 12:15:20'),
(5, 'beneficiaire', 'backpack', '2021-06-14 12:15:20', '2021-06-14 12:15:20'),
(6, 'premium', 'backpack', '2021-06-14 12:15:20', '2021-06-14 12:15:20'),
(7, 'referent', 'api', '2021-06-14 12:15:20', '2021-06-14 12:15:20'),
(8, 'beneficiaire', 'api', '2021-06-14 12:15:20', '2021-06-14 12:15:20'),
(9, 'premium', 'api', '2021-06-14 12:15:20', '2021-06-14 12:15:20');

--
-- Déchargement des données de la table `role_has_permissions`
--

INSERT INTO `role_has_permissions` (`permission_id`, `role_id`) VALUES
(1, 1),
(2, 1),
(3, 1),
(4, 1),
(5, 1),
(6, 3),
(7, 1),
(8, 2),
(8, 4),
(9, 7),
(10, 2),
(10, 4),
(11, 7),
(12, 2),
(12, 5),
(13, 8),
(14, 2),
(16, 1),
(17, 1),
(18, 1),
(19, 1),
(20, 1),
(21, 1),
(22, 1),
(22, 2),
(22, 4),
(23, 1),
(23, 2),
(23, 4),
(24, 1),
(24, 2),
(24, 4),
(25, 1),
(25, 2),
(25, 4),
(26, 1),
(26, 2),
(26, 4),
(27, 1),
(28, 1),
(29, 1),
(30, 1),
(31, 1),
(32, 1),
(33, 6);

--
-- Déchargement des données de la table `sessions`
--

INSERT INTO `sessions` (`id`, `created_at`, `updated_at`, `title`, `description`, `slug`, `cover`, `status`, `created_by`, `is_model`, `readonly`, `deletable`, `model_id`, `scope`, `eta`, `deleted_at`) VALUES
(1, '2021-06-14 12:15:24', NULL, 'Evaluation', 'Session d\'évaluation', 'evaluation', NULL, 'PUBLISHED', NULL, 1, 1, 0, NULL, 'PUBLIC', NULL, NULL),
(2, '2021-06-14 12:15:24', NULL, 'Entrainement aléatoire', 'Entrainement aléatoire', 'random', NULL, 'PUBLISHED', NULL, 1, 1, 0, NULL, 'PUBLIC', NULL, NULL),
(3, '2021-06-14 12:15:24', NULL, 'Entrainement personnalisé', 'Entrainement personnalisé', 'recommended', NULL, 'PUBLISHED', NULL, 1, 1, 0, NULL, 'PUBLIC', NULL, NULL),
(4, '2021-06-14 12:15:24', NULL, 'Jeu', 'Jeu', 'standalone', NULL, 'PUBLISHED', NULL, 1, 1, 0, NULL, 'PUBLIC', NULL, NULL),
(5, '2021-07-20 13:37:24', NULL, 'Thématique langage', 'entrainement thematique langage', 'thematique-langage', NULL, 'PUBLISHED', NULL, 1, 1, 0, NULL, 'PUBLIC', NULL, NULL),
(6, '2021-07-20 13:37:24', NULL, 'Thématique fonctions instrumentales', 'entrainement fonctions instrumentales', 'thematique-fonctions-instrumentales', NULL, 'PUBLISHED', NULL, 1, 1, 0, NULL, 'PUBLIC', NULL, NULL),
(7, '2021-07-20 13:37:24', NULL, 'Thématique fonctions exécutives', 'entrainement fonctions exécutives', 'thematique-fonctions-executives', NULL, 'PUBLISHED', NULL, 1, 1, 0, NULL, 'PUBLIC', NULL, NULL),
(8, '2021-07-20 13:37:24', NULL, 'Thématique fonctions visuo spatial', 'entrainement fonctions visuo spatial', 'thematique-fonctions-visuo-spatial', NULL, 'PUBLISHED', NULL, 1, 1, 0, NULL, 'PUBLIC', NULL, NULL),
(9, '2021-07-20 13:37:24', NULL, 'Thématique mémoire', 'entrainement mémoire', 'thematique-memoire', NULL, 'PUBLISHED', NULL, 1, 1, 0, NULL, 'PUBLIC', NULL, NULL),
(10, '2021-07-20 15:39:33', NULL, 'Démo', 'Entraînement de démonstration', 'demo', NULL, 'PUBLISHED', 1, 1, 0, 1, NULL, 'ME', NULL, NULL);

--
-- Déchargement des données de la table `themes`
--

INSERT INTO `themes` (`id`, `title`, `description`, `deleted_at`, `created_at`, `updated_at`, `training_description`) VALUES
(1, 'Fonctions instrumentales', NULL, NULL, '2021-06-14 12:15:21', NULL, NULL),
(2, 'Langage', NULL, NULL, '2021-06-14 12:15:21', NULL, NULL),
(3, 'Fonctions exécutives', NULL, NULL, '2021-06-14 12:15:21', NULL, NULL),
(4, 'Fonction visuo spatial', NULL, NULL, '2021-06-14 12:15:21', NULL, NULL),
(5, 'Mémoire', NULL, NULL, '2021-06-14 12:15:21', NULL, NULL);
COMMIT;
